{"id":11,"date":"2021-11-16T12:51:16","date_gmt":"2021-11-16T11:51:16","guid":{"rendered":"https:\/\/projekt.radikale-rechte.de\/?page_id=11"},"modified":"2026-04-01T09:54:56","modified_gmt":"2026-04-01T07:54:56","slug":"start","status":"publish","type":"page","link":"https:\/\/projekt.radikale-rechte.de\/","title":{"rendered":""},"content":{"rendered":"\n<div class=\"wp-block-columns is-layout-flex wp-container-core-columns-is-layout-9d6595d7 wp-block-columns-is-layout-flex\">\n<div class=\"wp-block-column is-layout-flow wp-block-column-is-layout-flow\" style=\"flex-basis:100%\">\n<p style=\"font-size:18px\">Das Forschungsprojekt widmet sich der Geschichte der radikalen Rechten in beiden Teilen Deutschlands in der zweiten H\u00e4lfte des 20. Jahrhunderts. Ziel ist es, deren Entwicklung umfassend und archivgest\u00fctzt, auch auf Grundlage bisher nicht erschlossener Quellen, zeithistorisch kontextualisiert zu analysieren.<\/p>\n\n\n\n<p style=\"font-size:18px\">Im Mittelpunkt steht dabei die \u00fcbergeordnete Leitfrage, durch welche sozialen Praktiken sich der generationelle Wandel der radikalen Rechten in Deutschland vollzog \u2013 von den im Nationalsozialismus sozialisierten Akteurinnen und Akteuren hin zu den in der Demokratie und der SED-Diktatur aufgewachsenen Kohorten, die seit den 1970er-Jahren tonangebend wurden.<\/p>\n\n\n\n<p style=\"font-size:18px\">Dieser Wandel wird in verschiedene Teilprojekten mit gesellschaftsgeschichtlichen Zug\u00e4ngen und akteursorientierten Perspektiven untersucht. In den Blick genommen werden ideologische und organisatorische Formationen, kulturelle und lebensweltliche Praktiken, nicht zuletzt auch Gewaltformen der radikalen Rechten sowie deren Beziehungen zu Staat und Gesellschaft.<\/p>\n\n\n\n<p style=\"font-size:18px\">Das Forschungsvorhaben wird durch die VolkswagenStiftung finanziert; die Hans-B\u00f6ckler-Stiftung unterst\u00fctzt erg\u00e4nzend drei Dissertationsvorhaben.<br><\/p>\n\n\n\n<hr class=\"wp-block-separator has-css-opacity\"\/>\n\n\n\n<p style=\"font-size:18px\"><a href=\"https:\/\/budrich-journals.de\/index.php\/zrex\/article\/view\/46792\"><strong>Ausf\u00fchrliche Informationen<\/strong><\/a> zu allen Teilprojekten finden Sie in der Zeitschrift f\u00fcr Rechtsextremismusforschung (ZRex) vom M\u00e4rz 2026.<\/p>\n\n\n\n<hr class=\"wp-block-separator has-css-opacity\"\/>\n\n\n\n<p style=\"font-size:18px\"><strong><a href=\"https:\/\/radikale-rechte.de\">Kommentierte Online-Quellensammlung<\/a><br><\/strong>Die digitale <a href=\"https:\/\/radikale-rechte.de\">Quellensammlung<\/a> pr\u00e4sentiert zentrale Quellen zur Geschichte der radikalen Rechten nach 1945, die in jeweils begleitenden Artikeln wissenschaftlich kommentiert werden. Die Sammlung richtet sich an ein breit gef\u00e4chertes Zielpublikum, das Wissenschaftler*innen und Lehrende ebenso umfasst wie Studierende, Sch\u00fcler*innen und politisch Interessierte<\/p>\n<\/div>\n<\/div>\n\n\n\n<p><a style=\"display:none\" href=\"https:\/\/mstdn.social\/@gewam\" rel=\"me\">Mastodon<\/a><\/p>\n\n\n\n<hr class=\"wp-block-separator has-css-opacity\"\/>\n\n\n\n<div style=\"height:60px\" aria-hidden=\"true\" class=\"wp-block-spacer\"><\/div>\n\n\n\n<div style=\"height:60px\" aria-hidden=\"true\" class=\"wp-block-spacer\"><\/div>\n\n\n\n<p class=\"has-text-align-center has-cyan-bluish-gray-color has-text-color\"><mark style=\"background-color:rgba(0, 0, 0, 0)\" class=\"has-inline-color has-cyan-bluish-gray-color\">Ein Kooperationsprojekt von ZZF und MMZ, gef\u00f6rdert von der VolkswagenStiftung.<\/mark><\/p>\n\n\n\n<div class=\"wp-block-columns is-layout-flex wp-container-core-columns-is-layout-9d6595d7 wp-block-columns-is-layout-flex\">\n<div class=\"wp-block-column is-layout-flow wp-block-column-is-layout-flow\"><div class=\"wp-block-image\">\n<figure class=\"aligncenter size-medium is-resized\"><a href=\"https:\/\/zzf-potsdam.de\/\"><img loading=\"lazy\" decoding=\"async\" width=\"300\" height=\"200\" src=\"https:\/\/projekt.radikale-rechte.de\/wp-content\/uploads\/2021\/11\/1024-681-max-300x200.jpg\" alt=\"\" class=\"wp-image-126\" style=\"width:150px;height:100px\" srcset=\"https:\/\/projekt.radikale-rechte.de\/wp-content\/uploads\/2021\/11\/1024-681-max-300x200.jpg 300w, https:\/\/projekt.radikale-rechte.de\/wp-content\/uploads\/2021\/11\/1024-681-max-768x511.jpg 768w, https:\/\/projekt.radikale-rechte.de\/wp-content\/uploads\/2021\/11\/1024-681-max-541x360.jpg 541w, https:\/\/projekt.radikale-rechte.de\/wp-content\/uploads\/2021\/11\/1024-681-max.jpg 1024w\" sizes=\"auto, (max-width: 300px) 100vw, 300px\" \/><\/a><\/figure>\n<\/div>\n\n\n<div style=\"height:30px\" aria-hidden=\"true\" class=\"wp-block-spacer\"><\/div>\n<\/div>\n\n\n\n<div class=\"wp-block-column is-layout-flow wp-block-column-is-layout-flow\"><div class=\"wp-block-image\">\n<figure class=\"aligncenter size-full\"><img loading=\"lazy\" decoding=\"async\" width=\"1001\" height=\"504\" src=\"https:\/\/projekt.radikale-rechte.de\/wp-content\/uploads\/2022\/03\/MMZ-Logo-RZ_DE.jpg\" alt=\"\" class=\"wp-image-646\"\/><\/figure>\n<\/div>\n\n\n<div style=\"height:30px\" aria-hidden=\"true\" class=\"wp-block-spacer\"><\/div>\n<\/div>\n\n\n\n<div class=\"wp-block-column is-vertically-aligned-top is-layout-flow wp-block-column-is-layout-flow\"><div class=\"wp-block-image\">\n<figure class=\"aligncenter size-full is-resized\"><a href=\"https:\/\/www.volkswagenstiftung.de\/\"><img loading=\"lazy\" decoding=\"async\" width=\"282\" height=\"55\" src=\"https:\/\/projekt.radikale-rechte.de\/wp-content\/uploads\/2021\/11\/VWST_RGB_150.gif\" alt=\"\" class=\"wp-image-127\" style=\"width:212px;height:41px\"\/><\/a><\/figure>\n<\/div><\/div>\n<\/div>\n\n\n\n<p><\/p>\n","protected":false},"excerpt":{"rendered":"<p>Das Forschungsprojekt widmet sich der Geschichte der radikalen Rechten in beiden Teilen Deutschlands in der zweiten H\u00e4lfte des 20. Jahrhunderts. Ziel ist es, deren Entwicklung umfassend und archivgest\u00fctzt, auch auf Grundlage bisher nicht erschlossener Quellen, zeithistorisch kontextualisiert zu analysieren. Im&hellip;  <\/p>\n<p class=\"more-link\"><a href=\"https:\/\/projekt.radikale-rechte.de\/\">Continue reading <span class=\"meta-nav\">&rarr;<\/span><\/a><\/p>\n","protected":false},"author":2,"featured_media":0,"parent":0,"menu_order":0,"comment_status":"closed","ping_status":"closed","template":"","meta":{"footnotes":""},"class_list":["post-11","page","type-page","status-publish","hentry"],"_links":{"self":[{"href":"https:\/\/projekt.radikale-rechte.de\/index.php\/wp-json\/wp\/v2\/pages\/11","targetHints":{"allow":["GET"]}}],"collection":[{"href":"https:\/\/projekt.radikale-rechte.de\/index.php\/wp-json\/wp\/v2\/pages"}],"about":[{"href":"https:\/\/projekt.radikale-rechte.de\/index.php\/wp-json\/wp\/v2\/types\/page"}],"author":[{"embeddable":true,"href":"https:\/\/projekt.radikale-rechte.de\/index.php\/wp-json\/wp\/v2\/users\/2"}],"replies":[{"embeddable":true,"href":"https:\/\/projekt.radikale-rechte.de\/index.php\/wp-json\/wp\/v2\/comments?post=11"}],"version-history":[{"count":68,"href":"https:\/\/projekt.radikale-rechte.de\/index.php\/wp-json\/wp\/v2\/pages\/11\/revisions"}],"predecessor-version":[{"id":1684,"href":"https:\/\/projekt.radikale-rechte.de\/index.php\/wp-json\/wp\/v2\/pages\/11\/revisions\/1684"}],"wp:attachment":[{"href":"https:\/\/projekt.radikale-rechte.de\/index.php\/wp-json\/wp\/v2\/media?parent=11"}],"curies":[{"name":"wp","href":"https:\/\/api.w.org\/{rel}","templated":true}]}}

<div class="wp-block-columns is-layout-flex wp-container-core-columns-is-layout-9d6595d7 wp-block-columns-is-layout-flex">
<div class="wp-block-column is-layout-flow wp-block-column-is-layout-flow" style="flex-basis:100%">
<p style="font-size:18px">Das Forschungsprojekt widmet sich der Geschichte der radikalen Rechten in beiden Teilen Deutschlands in der zweiten Hälfte des 20. Jahrhunderts. Ziel ist es, deren Entwicklung umfassend und archivgestützt, auch auf Grundlage bisher nicht erschlossener Quellen, zeithistorisch kontextualisiert zu analysieren.</p>



<p style="font-size:18px">Im Mittelpunkt steht dabei die übergeordnete Leitfrage, durch welche sozialen Praktiken sich der generationelle Wandel der radikalen Rechten in Deutschland vollzog – von den im Nationalsozialismus sozialisierten Akteurinnen und Akteuren hin zu den in der Demokratie und der SED-Diktatur aufgewachsenen Kohorten, die seit den 1970er-Jahren tonangebend wurden.</p>



<p style="font-size:18px">Dieser Wandel wird in verschiedene Teilprojekten mit gesellschaftsgeschichtlichen Zugängen und akteursorientierten Perspektiven untersucht. In den Blick genommen werden ideologische und organisatorische Formationen, kulturelle und lebensweltliche Praktiken, nicht zuletzt auch Gewaltformen der radikalen Rechten sowie deren Beziehungen zu Staat und Gesellschaft.</p>



<p style="font-size:18px">Das Forschungsvorhaben wird durch die VolkswagenStiftung finanziert; die Hans-Böckler-Stiftung unterstützt ergänzend drei Dissertationsvorhaben.<br></p>



<hr class="wp-block-separator has-css-opacity"/>



<p style="font-size:18px"><a href="https://budrich-journals.de/index.php/zrex/article/view/46792"><strong>Ausführliche Informationen</strong></a> zu allen Teilprojekten finden Sie in der Zeitschrift für Rechtsextremismusforschung (ZRex) vom März 2026.</p>



<hr class="wp-block-separator has-css-opacity"/>



<p style="font-size:18px"><strong><a href="https://radikale-rechte.de">Kommentierte Online-Quellensammlung</a><br></strong>Die digitale <a href="https://radikale-rechte.de">Quellensammlung</a> präsentiert zentrale Quellen zur Geschichte der radikalen Rechten nach 1945, die in jeweils begleitenden Artikeln wissenschaftlich kommentiert werden. Die Sammlung richtet sich an ein breit gefächertes Zielpublikum, das Wissenschaftler*innen und Lehrende ebenso umfasst wie Studierende, Schüler*innen und politisch Interessierte</p>
</div>
</div>



<p><a style="display:none" href="https://mstdn.social/@gewam" rel="me">Mastodon</a></p>



<hr class="wp-block-separator has-css-opacity"/>



<div style="height:60px" aria-hidden="true" class="wp-block-spacer"></div>



<div style="height:60px" aria-hidden="true" class="wp-block-spacer"></div>



<p class="has-text-align-center has-cyan-bluish-gray-color has-text-color"><mark style="background-color:rgba(0, 0, 0, 0)" class="has-inline-color has-cyan-bluish-gray-color">Ein Kooperationsprojekt von ZZF und MMZ, gefördert von der VolkswagenStiftung.</mark></p>



<div class="wp-block-columns is-layout-flex wp-container-core-columns-is-layout-9d6595d7 wp-block-columns-is-layout-flex">
<div class="wp-block-column is-layout-flow wp-block-column-is-layout-flow"><div class="wp-block-image">
<figure class="aligncenter size-medium is-resized"><a href="https://zzf-potsdam.de/"><img loading="lazy" decoding="async" width="300" height="200" src="https://projekt.radikale-rechte.de/wp-content/uploads/2021/11/1024-681-max-300x200.jpg" alt="" class="wp-image-126" style="width:150px;height:100px" srcset="https://projekt.radikale-rechte.de/wp-content/uploads/2021/11/1024-681-max-300x200.jpg 300w, https://projekt.radikale-rechte.de/wp-content/uploads/2021/11/1024-681-max-768x511.jpg 768w, https://projekt.radikale-rechte.de/wp-content/uploads/2021/11/1024-681-max-541x360.jpg 541w, https://projekt.radikale-rechte.de/wp-content/uploads/2021/11/1024-681-max.jpg 1024w" sizes="auto, (max-width: 300px) 100vw, 300px" /></a></figure>
</div>


<div style="height:30px" aria-hidden="true" class="wp-block-spacer"></div>
</div>



<div class="wp-block-column is-layout-flow wp-block-column-is-layout-flow"><div class="wp-block-image">
<figure class="aligncenter size-full"><img loading="lazy" decoding="async" width="1001" height="504" src="https://projekt.radikale-rechte.de/wp-content/uploads/2022/03/MMZ-Logo-RZ_DE.jpg" alt="" class="wp-image-646"/></figure>
</div>


<div style="height:30px" aria-hidden="true" class="wp-block-spacer"></div>
</div>



<div class="wp-block-column is-vertically-aligned-top is-layout-flow wp-block-column-is-layout-flow"><div class="wp-block-image">
<figure class="aligncenter size-full is-resized"><a href="https://www.volkswagenstiftung.de/"><img loading="lazy" decoding="async" width="282" height="55" src="https://projekt.radikale-rechte.de/wp-content/uploads/2021/11/VWST_RGB_150.gif" alt="" class="wp-image-127" style="width:212px;height:41px"/></a></figure>
</div></div>
</div>



<p></p>

<p>Das Forschungsprojekt widmet sich der Geschichte der radikalen Rechten in beiden Teilen Deutschlands in der zweiten Hälfte des 20. Jahrhunderts. Ziel ist es, deren Entwicklung umfassend und archivgestützt, auch auf Grundlage bisher nicht erschlossener Quellen, zeithistorisch kontextualisiert zu analysieren. Im&hellip;  </p>
<p class="more-link"><a href="https://projekt.radikale-rechte.de/">Continue reading <span class="meta-nav">&rarr;</span></a></p>
