{"id":1292,"date":"2024-04-24T12:06:15","date_gmt":"2024-04-24T10:06:15","guid":{"rendered":"https:\/\/projekt.radikale-rechte.de\/?page_id=1292"},"modified":"2026-04-07T15:31:34","modified_gmt":"2026-04-07T13:31:34","slug":"lebenswelten-der-radikalen-rechten","status":"publish","type":"page","link":"https:\/\/projekt.radikale-rechte.de\/index.php\/aktuelles\/lebenswelten-der-radikalen-rechten\/","title":{"rendered":"Lebenswelten der radikalen Rechten"},"content":{"rendered":"\n<h3 class=\"wp-block-heading\">Praktiken, Ideologien und Strukturen, 1945\u20132000<\/h3>\n\n\n\n<p><strong>Tagung des Projekts \u00bbDie radikale Rechte in Deutschland, 1945\u20132000\u00ab in Kooperation mit dem Zeithistorischen Arbeitskreis Extreme Rechte (ZAER)<\/strong><br>Organisation: Frank B\u00f6sch\/Gideon Botsch<\/p>\n\n\n\n<p><strong>27.\/28. Juni 2024<\/strong><br>Leibniz-Zentrum f\u00fcr Zeithistorische Forschung (ZZF) Potsdam<\/p>\n\n\n\n<div class=\"wp-block-columns is-layout-flex wp-container-core-columns-is-layout-9d6595d7 wp-block-columns-is-layout-flex\">\n<div class=\"wp-block-column is-layout-flow wp-block-column-is-layout-flow\" style=\"flex-basis:100%\">\n<div class=\"wp-block-columns is-layout-flex wp-container-core-columns-is-layout-9d6595d7 wp-block-columns-is-layout-flex\">\n<div class=\"wp-block-column is-layout-flow wp-block-column-is-layout-flow\" style=\"flex-basis:33.33%\">\n<figure class=\"wp-block-image size-full\"><img loading=\"lazy\" decoding=\"async\" width=\"364\" height=\"515\" src=\"https:\/\/projekt.radikale-rechte.de\/wp-content\/uploads\/2024\/06\/LebensweltenPlakat5_kl-1.jpg\" alt=\"\" class=\"wp-image-1349\" srcset=\"https:\/\/projekt.radikale-rechte.de\/wp-content\/uploads\/2024\/06\/LebensweltenPlakat5_kl-1.jpg 364w, https:\/\/projekt.radikale-rechte.de\/wp-content\/uploads\/2024\/06\/LebensweltenPlakat5_kl-1-212x300.jpg 212w, https:\/\/projekt.radikale-rechte.de\/wp-content\/uploads\/2024\/06\/LebensweltenPlakat5_kl-1-254x360.jpg 254w\" sizes=\"auto, (max-width: 364px) 100vw, 364px\" \/><\/figure>\n<\/div>\n\n\n\n<div class=\"wp-block-column is-layout-flow wp-block-column-is-layout-flow\" style=\"flex-basis:66.66%\">\n<p>Gerade in Deutschland basierte die radikale Rechte lange Zeit weniger auf gut organisierten Parteien denn auf locker vernetzten Gruppen, die im Alltag interagierten und so gemeinsame Vorstellungen und Werte entwickelten. Ihre Lebenswelten lassen sich als ein kommunikatives Handeln verstehen, das gemeinsame Vorstellungen und habituelles Auftreten festigte, etwa durch Jugendverb\u00e4nde, Szenen, Begegnungen an festen Orten, Ausfl\u00fcge, Vereine, Sport, Medien, Musik und Kleidung. Aus ihnen heraus entstanden rassistische Vorstellungen, politische Gruppen oder gewaltsame Aktionen.<\/p>\n<\/div>\n<\/div>\n<\/div>\n<\/div>\n\n\n\n<p>Die Tagung untersucht diese rechten Lebenswelten. Sie fragt, wie sie sich seit den 1950er-Jahren neu formierten und im generationellen und gesellschaftlichen Wandel ver\u00e4nderten. Welche Strukturen, Orte und Praktiken der Vergemeinschaftung entstanden, welche teils bis heute pr\u00e4genden Deutungen und Ideologien wurden dabei generiert und tradiert? Dabei blickt die Tagung auf Jugendgruppen und mediale Diskurse, auf Gewaltpraktiken und Interaktionen mit dem Staat oder auch auf Verbindungen ins Ausland.<br><br><strong>Tagungsbericht<\/strong><br>Den <a href=\"https:\/\/www.hsozkult.de\/conferencereport\/id\/fdkn-145605\">Tagungsbericht<\/a> von Chrstoph Schulze gibt es auf H-Soz-Kult nachzulesen: <br>Christoph Schulze, Tagungsbericht:\u00a0<em>Lebenswelten der radikalen Rechten<\/em>, in: H-Soz-Kult, 01.08.2024, <a href=\"https:\/\/www.hsozkult.de\/conferencereport\/id\/fdkn-145605\">https:\/\/www.hsozkult.de\/conferencereport\/id\/fdkn-145605<\/a>.<\/p>\n\n\n\n<p><br><br><\/p>\n\n\n\n<h3 class=\"wp-block-heading\"><strong>PROGRAMM<\/strong><\/h3>\n\n\n\n<h4 class=\"wp-block-heading\">Donnerstag, 27. Juni 2024<\/h4>\n\n\n\n<h6 class=\"wp-block-heading\">13.00 Uhr<br>Begr\u00fc\u00dfung und Einf\u00fchrung<\/h6>\n\n\n\n<p><em>Frank B\u00f6sch (ZZF Potsdam)<\/em> und <em>Gideon Botsch (MMZ Potsdam)<\/em><br><\/p>\n\n\n\n<h6 class=\"wp-block-heading\"><strong>13.30\u201315.00 Uhr<br>R\u00e4ume und Milieus<\/strong><\/h6>\n\n\n\n<p><em>Anette Schlimm (M\u00fcnchen)<br><\/em>In ihrem nat\u00fcrlichen Habitat? \u00dcberlegungen zur Kopplung von L\u00e4ndlichkeit und extremer Rechter<\/p>\n\n\n\n<p><em>Dominik Rigoll (ZZF Potsdam)<br><\/em>Rechte Milieus und rechte Parteien im besetzten und geteilten Deutschland<\/p>\n\n\n\n<p>Moderation: <em>Paula Diehl (Kiel)<\/em><\/p>\n\n\n\n<h6 class=\"wp-block-heading\"><strong>Pause<\/strong><br><br><\/h6>\n\n\n\n<h6 class=\"wp-block-heading\"><strong>15.30\u201317.30 Uhr<\/strong><br><strong>Jugend, Geschlecht und \u00bbWertewandel<\/strong>\u00ab<\/h6>\n\n\n\n<p><em>Niklas Krawinkel (Frankfurt a.M.)<br><\/em>\u00bbAn den Zeltleinen wehte da und dort neben dem Fahrtenwimpel eine Kinderwindel.\u00ab Extrem rechte Lebenswelten in der Wiking-Jugend (1952\u20131994)<\/p>\n\n\n\n<p><em>Laura Ha\u00dfler (ZZF Potsdam)<br><\/em>Das Volk, myself and I. Singularisierungseffekte bei den Jungen Nationaldemokraten<\/p>\n\n\n\n<p><em>Sebastian Bischoff (Bielefeld)<br><\/em>Die Lehre vom rechten Lieben und widerst\u00e4ndige Praktiken gegen die bundesdeutsche \u00bbsexuelle Revolution\u00ab in den langen 1960er-Jahren<\/p>\n\n\n\n<p>Moderation: <em>Ann-Kathrin Mogge (Kassel)<\/em><\/p>\n\n\n\n<h6 class=\"wp-block-heading\">Pause<br><br><\/h6>\n\n\n\n<h6 class=\"wp-block-heading\"><strong>18.00\u201319.30&nbsp;Uhr<\/strong><br><strong>Antidemokratische Organisierung im demokratischen Verfassungsstaat<\/strong><\/h6>\n\n\n\n<p><em>Karsten Wilke (D\u00fcsseldorf)<br><\/em>Staatliche Repression und radikal-rechte Lebenswelten, 1950er- bis 1980er-Jahre<\/p>\n\n\n\n<p><em>Eric Angermann (Potsdam)<br><\/em>Nationalismus als Antriebskraft. Rechte Gewalt und neonazistische Organisierung nach dem Mauerfall am Beispiel von Cottbus<\/p>\n\n\n\n<p>Moderation: <em>Anke Hoffstadt (D\u00fcsseldorf)<\/em><\/p>\n\n\n\n<h6 class=\"wp-block-heading\">20.00&nbsp;Uhr<br>Abendessen<\/h6>\n\n\n\n<p>Pr\u00e4sentation der kommentierten Online-Quellensammlung: Die radikale Rechte in Deutschland, 1945\u20132000<br><br><\/p>\n\n\n\n<h4 class=\"wp-block-heading\">Freitag, 28. Juni 2024<\/h4>\n\n\n\n<h6 class=\"wp-block-heading\"><strong>9.00\u201311.00<\/strong> <strong>Uhr<\/strong><br><strong>Zeitschriften: Forum, \u00bbLeserkreis\u00ab und Erz\u00e4hlgemeinschaft<\/strong><\/h6>\n\n\n\n<p><em>Marie M\u00fcller-Zetzsche (MMZ Potsdam)<\/em><br>\u00bbDas Gespr\u00e4ch mit dem Leser\u00ab. Vergemeinschaftungen im Umfeld der Zeitschrift <em>Nation Europa<\/em><\/p>\n\n\n\n<p><em>Felix Schilk (T\u00fcbingen)<br><\/em>Die Neue Rechte als Erz\u00e4hlgemeinschaft: Zur narrativen Tradierung rechter Ideologie<\/p>\n\n\n\n<p><em>Alexandra Mehnert (Leipzig)<br><\/em>\u00bbEs empfiehlt sich immer, einen Foiersturm im Hause zu haben!\u00ab Kommunikatives Handeln und soziale Praktiken der extremen Rechten in Zines von 1990 bis 2000<\/p>\n\n\n\n<p>Moderation: <em>Matheus Hagedorny (Potsdam)<\/em><\/p>\n\n\n\n<h6 class=\"wp-block-heading\">Pause<br><br><\/h6>\n\n\n\n<h6 class=\"wp-block-heading\"><strong>11.30\u201313.00<\/strong> <strong>Uhr<\/strong><br><strong>Bewaffnete Lebenswelten<\/strong><\/h6>\n\n\n\n<p><em>Barbara Manthe (Bielefeld)<br><\/em>Gewaltpraktiken und -wirkungen im westdeutschen Rechtsterrorismus, 1950 bis 1990<\/p>\n\n\n\n<p><em>Jakob Sa\u00df (ZZF Potsdam)<br><\/em>Waffenbeschaffung, Eliteausbildung und \u00bbErsatzfamilie\u00ab: Die Bundeswehr als Ziel und Ausgangspunkt von Rechtsterrorismus<\/p>\n\n\n\n<p>Moderation: <em>Gideon Botsch (MMZ Potsdam)<\/em><\/p>\n\n\n\n<h6 class=\"wp-block-heading\">Mittagessen<br><br><\/h6>\n\n\n\n<h6 class=\"wp-block-heading\"><strong>14.00\u201315.30 Uhr<br>Transatlantische Transfers<\/strong><\/h6>\n\n\n\n<p><em>Annelotte Janse (Utrecht)<br><\/em>\u00bbThe key for worldwide change lies in America\u00ab: Transatlantic Catalysts in the Radicalisation of West German Neo-Nazis, 1961\u20131980<\/p>\n\n\n\n<p><em>Michelle Lynn Kahn (Richmond)<br><\/em>\u00bbAn Imported Fascism\u00ab? Evaluating the American Influence on German Neo-Nazism, 1970s\u20131990s<\/p>\n\n\n\n<p>Moderation: <em>Graham Macklin (Oslo)<\/em><\/p>\n\n\n\n<h6 class=\"wp-block-heading\">Pause<br><br><\/h6>\n\n\n\n<h6 class=\"wp-block-heading\">16.00\u201317.30 Uhr<br>Reisen ins autokratische Ausland<\/h6>\n\n\n\n<p><em>Pablo del Hierro (Maastricht)<br><\/em>Building a New Life in Franco\u2019s Spain. The Everyday Activities of German (Neo)-Nazis in Madrid, 1944\u20131953<\/p>\n\n\n\n<p><em>Johannes Dafinger (Salzburg)<br><\/em>\u00bbZu Gast bei Freunden\u00ab: Die deutschsprachige extreme Rechte reist nach S\u00fcd(west)afrika\/Namibia, 1960er- bis 1980er-Jahre<\/p>\n\n\n\n<p>Moderation: <em>Damir Skenderovic (Fribourg, CH)<\/em><\/p>\n\n\n\n<h6 class=\"wp-block-heading\">17.30\u201318.00 Uhr<br>Abschlussdiskussion<\/h6>\n\n\n\n<p>Leitung: <em>Gideon Botsch\/Frank B\u00f6sch<\/em><\/p>\n\n\n\n<p><\/p>\n","protected":false},"excerpt":{"rendered":"<p>Praktiken, Ideologien und Strukturen, 1945\u20132000 Tagung des Projekts \u00bbDie radikale Rechte in Deutschland, 1945\u20132000\u00ab in Kooperation mit dem Zeithistorischen Arbeitskreis Extreme Rechte (ZAER)Organisation: Frank B\u00f6sch\/Gideon Botsch 27.\/28. Juni 2024Leibniz-Zentrum f\u00fcr Zeithistorische Forschung (ZZF) Potsdam Gerade in Deutschland basierte die radikale&hellip;  <\/p>\n<p class=\"more-link\"><a href=\"https:\/\/projekt.radikale-rechte.de\/index.php\/aktuelles\/lebenswelten-der-radikalen-rechten\/\">Continue reading <span class=\"meta-nav\">&rarr;<\/span><\/a><\/p>\n","protected":false},"author":2,"featured_media":0,"parent":539,"menu_order":1,"comment_status":"closed","ping_status":"closed","template":"","meta":{"footnotes":""},"class_list":["post-1292","page","type-page","status-publish","hentry"],"_links":{"self":[{"href":"https:\/\/projekt.radikale-rechte.de\/index.php\/wp-json\/wp\/v2\/pages\/1292","targetHints":{"allow":["GET"]}}],"collection":[{"href":"https:\/\/projekt.radikale-rechte.de\/index.php\/wp-json\/wp\/v2\/pages"}],"about":[{"href":"https:\/\/projekt.radikale-rechte.de\/index.php\/wp-json\/wp\/v2\/types\/page"}],"author":[{"embeddable":true,"href":"https:\/\/projekt.radikale-rechte.de\/index.php\/wp-json\/wp\/v2\/users\/2"}],"replies":[{"embeddable":true,"href":"https:\/\/projekt.radikale-rechte.de\/index.php\/wp-json\/wp\/v2\/comments?post=1292"}],"version-history":[{"count":25,"href":"https:\/\/projekt.radikale-rechte.de\/index.php\/wp-json\/wp\/v2\/pages\/1292\/revisions"}],"predecessor-version":[{"id":1692,"href":"https:\/\/projekt.radikale-rechte.de\/index.php\/wp-json\/wp\/v2\/pages\/1292\/revisions\/1692"}],"up":[{"embeddable":true,"href":"https:\/\/projekt.radikale-rechte.de\/index.php\/wp-json\/wp\/v2\/pages\/539"}],"wp:attachment":[{"href":"https:\/\/projekt.radikale-rechte.de\/index.php\/wp-json\/wp\/v2\/media?parent=1292"}],"curies":[{"name":"wp","href":"https:\/\/api.w.org\/{rel}","templated":true}]}}