{"id":1503,"date":"2025-06-12T13:26:18","date_gmt":"2025-06-12T11:26:18","guid":{"rendered":"https:\/\/projekt.radikale-rechte.de\/?page_id=1503"},"modified":"2026-03-07T18:19:19","modified_gmt":"2026-03-07T17:19:19","slug":"johannes-schuetz","status":"publish","type":"page","link":"https:\/\/projekt.radikale-rechte.de\/index.php\/johannes-schuetz\/","title":{"rendered":"Johannes Sch\u00fctz"},"content":{"rendered":"\n<div class=\"wp-block-columns is-layout-flex wp-container-core-columns-is-layout-9d6595d7 wp-block-columns-is-layout-flex\">\n<div class=\"wp-block-column is-layout-flow wp-block-column-is-layout-flow\" style=\"flex-basis:33.33%\">\n<figure class=\"wp-block-image size-large\"><img loading=\"lazy\" decoding=\"async\" width=\"812\" height=\"1024\" src=\"https:\/\/projekt.radikale-rechte.de\/wp-content\/uploads\/2025\/03\/j_schuetz_engelbrecht_angepasst-812x1024.jpg\" alt=\"\" class=\"wp-image-1506\" srcset=\"https:\/\/projekt.radikale-rechte.de\/wp-content\/uploads\/2025\/03\/j_schuetz_engelbrecht_angepasst-812x1024.jpg 812w, https:\/\/projekt.radikale-rechte.de\/wp-content\/uploads\/2025\/03\/j_schuetz_engelbrecht_angepasst-238x300.jpg 238w, https:\/\/projekt.radikale-rechte.de\/wp-content\/uploads\/2025\/03\/j_schuetz_engelbrecht_angepasst-768x968.jpg 768w, https:\/\/projekt.radikale-rechte.de\/wp-content\/uploads\/2025\/03\/j_schuetz_engelbrecht_angepasst-1218x1536.jpg 1218w, https:\/\/projekt.radikale-rechte.de\/wp-content\/uploads\/2025\/03\/j_schuetz_engelbrecht_angepasst-1625x2048.jpg 1625w, https:\/\/projekt.radikale-rechte.de\/wp-content\/uploads\/2025\/03\/j_schuetz_engelbrecht_angepasst-286x360.jpg 286w, https:\/\/projekt.radikale-rechte.de\/wp-content\/uploads\/2025\/03\/j_schuetz_engelbrecht_angepasst.jpg 1688w\" sizes=\"auto, (max-width: 812px) 100vw, 812px\" \/><\/figure>\n<\/div>\n\n\n\n<div class=\"wp-block-column is-layout-flow wp-block-column-is-layout-flow\" style=\"flex-basis:66.66%\">\n<p><strong>PD Dr. Johannes Sch\u00fctz ist wissenschaftlicher Mitarbeiter am ZZF Potsdam. Im Rahmen der Forschungsgruppe bearbeitet er das Forschungsprojekt \u00bbRassistische Gewalt in der DDR. Praktiken und soziale Kontexte\u00ab, das rassistisch motivierte Gewaltereignisse und ihre gesellschaftlichen Bedingungen in der sp\u00e4ten DDR untersucht.<\/strong><\/p>\n<\/div>\n<\/div>\n\n\n\n<p><\/p>\n\n\n\n<h4 class=\"wp-block-heading\">Vita<\/h4>\n\n\n\n<p>11\/2025 <br>Habilitation an der Technischen Universit\u00e4t Dresden, venia legendi f\u00fcr Neuere und Neueste Geschichte<\/p>\n\n\n\n<p>seit 5\/2025 <br>Wissenschaftlicher Mitarbeiter am Leibniz-Zentrum f\u00fcr Zeithistorische Forschung in Potsdam (ZZF)<\/p>\n\n\n\n<p>2018\u20132025 <br>Wissenschaftlicher Mitarbeiter am Lehrstuhl f\u00fcr Neuere und Neueste Geschichte, Technische Universit\u00e4t Dresden; dort Leitung des DFG-Projektes \u201ePolyphonie der Heimat\u201c (Laufzeit 01.04.2020-31.12.2024)<\/p>\n\n\n\n<p>2019\u20132023 <br>assoziiertes Mitglied am SFB 1285 &#8222;Invektivit\u00e4t. Konstellationen und Dynamiken der Herabsetzung&#8220;<\/p>\n\n\n\n<p>2015\u20132020 <br>Wissenschaftlicher Mitarbeiter am Deutschen Hygiene-Museum Dresden<\/p>\n\n\n\n<p>2013\/2014 <br>Postdoc-Stipendiat der Graduiertenschule f\u00fcr Geisteswissenschaften G\u00f6ttingen (GSGG)<\/p>\n\n\n\n<p>2013 <br>Promotion durch die Georg-August-Universit\u00e4t G\u00f6ttingen<\/p>\n\n\n\n<p>2009\u20132013 <br>Stipendiat des interdisziplin\u00e4ren DFG-Graduiertenkollegs &#8222;Expertenkulturen des 12. bis 16. Jahrhunderts&#8220; an der Georg-August-Universit\u00e4t G\u00f6ttingen<\/p>\n\n\n\n<p>2003\u20132009 <br>Studium der Mittelalterlichen Geschichte und Philosophie an der Technischen Universit\u00e4t Dresden<\/p>\n\n\n\n<div style=\"height:40px\" aria-hidden=\"true\" class=\"wp-block-spacer\"><\/div>\n\n\n\n<h4 class=\"wp-block-heading\">Projektbezogene Publikationen<\/h4>\n\n\n\n<p class=\"has-small-font-size\"><em>Monografie<\/em><\/p>\n\n\n\n<p class=\"has-small-font-size\">Heimat als soziale Praxis. Alltagshandeln in Sachsen zwischen Staatssozialismus und Umbruchserfahrungen, 1969-2000, Bielefeld 2026.<\/p>\n\n\n\n<p class=\"has-small-font-size\"><em>Herausgeberschaften<\/em><\/p>\n\n\n\n<p class=\"has-small-font-size\">(Mit Raj Kollmorgen und Steven Sch\u00e4ller) Die neue Mitte? Ideologie und Praxis der populistischen und extremen Rechten, Schriften des Deutschen Hygiene-Museums Bd. 14, K\u00f6ln\/Weimar\/Wien 2021; zugleich: Schriftenreihe der Bundeszentrale f\u00fcr politische Bildung, Bd. 10642, Bonn 2021.<\/p>\n\n\n\n<p class=\"has-small-font-size\"><em>Artikel<\/em><\/p>\n\n\n\n<p class=\"has-small-font-size\">&#8222;Rette sich, wer kann!&#8220; Die rassistische Gewalt eskaliert in Ostdeutschland schon viele Jahre vor dem Mauerfall &#8211; so wie in Erfurt im August 1975, in: <a href=\"https:\/\/www.zeit.de\/2025\/33\/erfurter-progrome-1975-rassismus-ddr-algerische-arbeiter\" data-type=\"link\" data-id=\"https:\/\/www.zeit.de\/2025\/33\/erfurter-progrome-1975-rassismus-ddr-algerische-arbeiter\">Die Zeit 33 (2025), S. 31<\/a>.<\/p>\n\n\n\n<p class=\"has-small-font-size\">Ostdeutsche Heimat, Ostdeutsche Identit\u00e4t. Konjunktur einer problematischen Konstellation, in: Berliner Debatte Initial 36, 1, (2025), S. 23-33.<\/p>\n\n\n\n<p class=\"has-small-font-size\">Heimat, History, and Identity. Discourses and Practices of Amateur Historical Studies in the GDR and Post-socialist Germany, 1960\u20132000, in:&nbsp;German Politics &amp; Society 42, 2024\/4, S. 65-82.<\/p>\n\n\n\n<p class=\"has-small-font-size\">Beleidigungen, Schm\u00e4hungen, Angriffe. Invektive Dynamiken und rassistische Gewalt in der sp\u00e4ten DDR, in: Silke Fehlemann, Heike Greschke, Katja Kanzler, Gerd Schwerhoff (Hg.), An den Grenzen der Invektivit\u00e4t. Herabsetzungspotentiale von Humor, Kritik und Gewalt, Frankfurt 2024, S. 241\u2013258.<\/p>\n\n\n\n<p class=\"has-small-font-size\">Rassistische Gewalt in der sp\u00e4ten DDR. Ereignisketten und soziale Kontexte an einem Beispiel aus Sachsen, in: Archiv f\u00fcr Sozialgeschichte 63 (2023), S. 173\u2013191.<\/p>\n\n\n\n<p class=\"has-small-font-size\">Violence against Migrants in the GDR and the Lack of Epistemic Impact, in: Migrant Knowledge, 5.8.2022, URL: <a class=\"\">https:\/\/migrantknowledge.org\/2022\/08\/05\/violence-against-migrants-in-the-gdr\/<\/a> (Abruf am [aktuelles Datum einf\u00fcgen]).<\/p>\n\n\n\n<p class=\"has-small-font-size\">Neue Rechte \u2013 Eine geschichtswissenschaftliche Vermessung von Begriffsfeldern und Diskursr\u00e4umen, in: Johannes Sch\u00fctz, Raj Kollmorgen, Steven Sch\u00e4ller (Hg.), Die neue Mitte? Ideologie und Praxis der populistischen und extremen Rechten, Schriften des Deutschen Hygiene-Museums Bd. 14, K\u00f6ln\/Weimar\/Wien 2021, S. 47\u201360.<\/p>\n\n\n\n<p class=\"has-small-font-size\">(Mit Silke van Dyk) \u00d6konomische Notwehr oder autorit\u00e4re Wende? Ein Interview zu den Kontroversen um das Erstarken der Neuen Rechten in Europa, in: Johannes Sch\u00fctz, Raj Kollmorgen, Steven Sch\u00e4ller (Hg.), Die neue Mitte? Ideologie und Praxis der populistischen und extremen Rechten, Schriften des Deutschen Hygiene-Museums Bd. 14, K\u00f6ln\/Weimar\/Wien 2021, S. 143\u2013157.<\/p>\n\n\n\n<p class=\"has-small-font-size\">Wenn Heimat Angst macht. \u201eGewalt der Vereinigung\u201c in biografischen Erz\u00e4hlungen, in: Zeitgeschichte-online, Mai 2021, URL: <a class=\"\" href=\"https:\/\/zeitgeschichte-online.de\/themen\/wenn-heimat-angst-macht\">https:\/\/zeitgeschichte-online.de\/themen\/wenn-heimat-angst-macht<\/a><\/p>\n\n\n\n<p><em>Ein vollst\u00e4ndiges <a href=\"https:\/\/zzf-potsdam.de\/institut\/personen\/mitarbeiter_innen\/johannes-schuetz\" target=\"_blank\" rel=\"noreferrer noopener\">Publikationsverzeichnis <\/a>findet sich auf der Mitarbeiterseite beim ZZF.<\/em><\/p>\n\n\n\n<h4 class=\"wp-block-heading\">Kontakt<\/h4>\n\n\n\n<p>PD Dr. Johannes Sch\u00fctz <br>Leibniz-Zentrum f\u00fcr Zeithistorische Forschung<br>Am Neuen Markt 1<br>14467 Potsdam<\/p>\n\n\n\n<p>E-Mail: <a href=\"mailto:johannes.schuetz1@tu-dresden.de\">johannes.schuetz@zzf-potsdam.de<\/a><\/p>\n\n\n\n<p><\/p>\n","protected":false},"excerpt":{"rendered":"<p>PD Dr. Johannes Sch\u00fctz ist wissenschaftlicher Mitarbeiter am ZZF Potsdam. Im Rahmen der Forschungsgruppe bearbeitet er das Forschungsprojekt \u00bbRassistische Gewalt in der DDR. Praktiken und soziale Kontexte\u00ab, das rassistisch motivierte Gewaltereignisse und ihre gesellschaftlichen Bedingungen in der sp\u00e4ten DDR untersucht.&hellip;  <\/p>\n<p class=\"more-link\"><a href=\"https:\/\/projekt.radikale-rechte.de\/index.php\/johannes-schuetz\/\">Continue reading <span class=\"meta-nav\">&rarr;<\/span><\/a><\/p>\n","protected":false},"author":2,"featured_media":0,"parent":0,"menu_order":0,"comment_status":"closed","ping_status":"closed","template":"","meta":{"footnotes":""},"class_list":["post-1503","page","type-page","status-publish","hentry"],"_links":{"self":[{"href":"https:\/\/projekt.radikale-rechte.de\/index.php\/wp-json\/wp\/v2\/pages\/1503","targetHints":{"allow":["GET"]}}],"collection":[{"href":"https:\/\/projekt.radikale-rechte.de\/index.php\/wp-json\/wp\/v2\/pages"}],"about":[{"href":"https:\/\/projekt.radikale-rechte.de\/index.php\/wp-json\/wp\/v2\/types\/page"}],"author":[{"embeddable":true,"href":"https:\/\/projekt.radikale-rechte.de\/index.php\/wp-json\/wp\/v2\/users\/2"}],"replies":[{"embeddable":true,"href":"https:\/\/projekt.radikale-rechte.de\/index.php\/wp-json\/wp\/v2\/comments?post=1503"}],"version-history":[{"count":11,"href":"https:\/\/projekt.radikale-rechte.de\/index.php\/wp-json\/wp\/v2\/pages\/1503\/revisions"}],"predecessor-version":[{"id":1663,"href":"https:\/\/projekt.radikale-rechte.de\/index.php\/wp-json\/wp\/v2\/pages\/1503\/revisions\/1663"}],"wp:attachment":[{"href":"https:\/\/projekt.radikale-rechte.de\/index.php\/wp-json\/wp\/v2\/media?parent=1503"}],"curies":[{"name":"wp","href":"https:\/\/api.w.org\/{rel}","templated":true}]}}

Johannes Schütz

<div class="wp-block-columns is-layout-flex wp-container-core-columns-is-layout-9d6595d7 wp-block-columns-is-layout-flex">
<div class="wp-block-column is-layout-flow wp-block-column-is-layout-flow" style="flex-basis:33.33%">
<figure class="wp-block-image size-large"><img loading="lazy" decoding="async" width="812" height="1024" src="https://projekt.radikale-rechte.de/wp-content/uploads/2025/03/j_schuetz_engelbrecht_angepasst-812x1024.jpg" alt="" class="wp-image-1506" srcset="https://projekt.radikale-rechte.de/wp-content/uploads/2025/03/j_schuetz_engelbrecht_angepasst-812x1024.jpg 812w, https://projekt.radikale-rechte.de/wp-content/uploads/2025/03/j_schuetz_engelbrecht_angepasst-238x300.jpg 238w, https://projekt.radikale-rechte.de/wp-content/uploads/2025/03/j_schuetz_engelbrecht_angepasst-768x968.jpg 768w, https://projekt.radikale-rechte.de/wp-content/uploads/2025/03/j_schuetz_engelbrecht_angepasst-1218x1536.jpg 1218w, https://projekt.radikale-rechte.de/wp-content/uploads/2025/03/j_schuetz_engelbrecht_angepasst-1625x2048.jpg 1625w, https://projekt.radikale-rechte.de/wp-content/uploads/2025/03/j_schuetz_engelbrecht_angepasst-286x360.jpg 286w, https://projekt.radikale-rechte.de/wp-content/uploads/2025/03/j_schuetz_engelbrecht_angepasst.jpg 1688w" sizes="auto, (max-width: 812px) 100vw, 812px" /></figure>
</div>



<div class="wp-block-column is-layout-flow wp-block-column-is-layout-flow" style="flex-basis:66.66%">
<p><strong>PD Dr. Johannes Schütz ist wissenschaftlicher Mitarbeiter am ZZF Potsdam. Im Rahmen der Forschungsgruppe bearbeitet er das Forschungsprojekt »Rassistische Gewalt in der DDR. Praktiken und soziale Kontexte«, das rassistisch motivierte Gewaltereignisse und ihre gesellschaftlichen Bedingungen in der späten DDR untersucht.</strong></p>
</div>
</div>



<p></p>



<h4 class="wp-block-heading">Vita</h4>



<p>11/2025 <br>Habilitation an der Technischen Universität Dresden, venia legendi für Neuere und Neueste Geschichte</p>



<p>seit 5/2025 <br>Wissenschaftlicher Mitarbeiter am Leibniz-Zentrum für Zeithistorische Forschung in Potsdam (ZZF)</p>



<p>2018–2025 <br>Wissenschaftlicher Mitarbeiter am Lehrstuhl für Neuere und Neueste Geschichte, Technische Universität Dresden; dort Leitung des DFG-Projektes „Polyphonie der Heimat“ (Laufzeit 01.04.2020-31.12.2024)</p>



<p>2019–2023 <br>assoziiertes Mitglied am SFB 1285 &#8222;Invektivität. Konstellationen und Dynamiken der Herabsetzung&#8220;</p>



<p>2015–2020 <br>Wissenschaftlicher Mitarbeiter am Deutschen Hygiene-Museum Dresden</p>



<p>2013/2014 <br>Postdoc-Stipendiat der Graduiertenschule für Geisteswissenschaften Göttingen (GSGG)</p>



<p>2013 <br>Promotion durch die Georg-August-Universität Göttingen</p>



<p>2009–2013 <br>Stipendiat des interdisziplinären DFG-Graduiertenkollegs &#8222;Expertenkulturen des 12. bis 16. Jahrhunderts&#8220; an der Georg-August-Universität Göttingen</p>



<p>2003–2009 <br>Studium der Mittelalterlichen Geschichte und Philosophie an der Technischen Universität Dresden</p>



<div style="height:40px" aria-hidden="true" class="wp-block-spacer"></div>



<h4 class="wp-block-heading">Projektbezogene Publikationen</h4>



<p class="has-small-font-size"><em>Monografie</em></p>



<p class="has-small-font-size">Heimat als soziale Praxis. Alltagshandeln in Sachsen zwischen Staatssozialismus und Umbruchserfahrungen, 1969-2000, Bielefeld 2026.</p>



<p class="has-small-font-size"><em>Herausgeberschaften</em></p>



<p class="has-small-font-size">(Mit Raj Kollmorgen und Steven Schäller) Die neue Mitte? Ideologie und Praxis der populistischen und extremen Rechten, Schriften des Deutschen Hygiene-Museums Bd. 14, Köln/Weimar/Wien 2021; zugleich: Schriftenreihe der Bundeszentrale für politische Bildung, Bd. 10642, Bonn 2021.</p>



<p class="has-small-font-size"><em>Artikel</em></p>



<p class="has-small-font-size">&#8222;Rette sich, wer kann!&#8220; Die rassistische Gewalt eskaliert in Ostdeutschland schon viele Jahre vor dem Mauerfall &#8211; so wie in Erfurt im August 1975, in: <a href="https://www.zeit.de/2025/33/erfurter-progrome-1975-rassismus-ddr-algerische-arbeiter" data-type="link" data-id="https://www.zeit.de/2025/33/erfurter-progrome-1975-rassismus-ddr-algerische-arbeiter">Die Zeit 33 (2025), S. 31</a>.</p>



<p class="has-small-font-size">Ostdeutsche Heimat, Ostdeutsche Identität. Konjunktur einer problematischen Konstellation, in: Berliner Debatte Initial 36, 1, (2025), S. 23-33.</p>



<p class="has-small-font-size">Heimat, History, and Identity. Discourses and Practices of Amateur Historical Studies in the GDR and Post-socialist Germany, 1960–2000, in:&nbsp;German Politics &amp; Society 42, 2024/4, S. 65-82.</p>



<p class="has-small-font-size">Beleidigungen, Schmähungen, Angriffe. Invektive Dynamiken und rassistische Gewalt in der späten DDR, in: Silke Fehlemann, Heike Greschke, Katja Kanzler, Gerd Schwerhoff (Hg.), An den Grenzen der Invektivität. Herabsetzungspotentiale von Humor, Kritik und Gewalt, Frankfurt 2024, S. 241–258.</p>



<p class="has-small-font-size">Rassistische Gewalt in der späten DDR. Ereignisketten und soziale Kontexte an einem Beispiel aus Sachsen, in: Archiv für Sozialgeschichte 63 (2023), S. 173–191.</p>



<p class="has-small-font-size">Violence against Migrants in the GDR and the Lack of Epistemic Impact, in: Migrant Knowledge, 5.8.2022, URL: <a class="">https://migrantknowledge.org/2022/08/05/violence-against-migrants-in-the-gdr/</a> (Abruf am [aktuelles Datum einfügen]).</p>



<p class="has-small-font-size">Neue Rechte – Eine geschichtswissenschaftliche Vermessung von Begriffsfeldern und Diskursräumen, in: Johannes Schütz, Raj Kollmorgen, Steven Schäller (Hg.), Die neue Mitte? Ideologie und Praxis der populistischen und extremen Rechten, Schriften des Deutschen Hygiene-Museums Bd. 14, Köln/Weimar/Wien 2021, S. 47–60.</p>



<p class="has-small-font-size">(Mit Silke van Dyk) Ökonomische Notwehr oder autoritäre Wende? Ein Interview zu den Kontroversen um das Erstarken der Neuen Rechten in Europa, in: Johannes Schütz, Raj Kollmorgen, Steven Schäller (Hg.), Die neue Mitte? Ideologie und Praxis der populistischen und extremen Rechten, Schriften des Deutschen Hygiene-Museums Bd. 14, Köln/Weimar/Wien 2021, S. 143–157.</p>



<p class="has-small-font-size">Wenn Heimat Angst macht. „Gewalt der Vereinigung“ in biografischen Erzählungen, in: Zeitgeschichte-online, Mai 2021, URL: <a class="" href="https://zeitgeschichte-online.de/themen/wenn-heimat-angst-macht">https://zeitgeschichte-online.de/themen/wenn-heimat-angst-macht</a></p>



<p><em>Ein vollständiges <a href="https://zzf-potsdam.de/institut/personen/mitarbeiter_innen/johannes-schuetz" target="_blank" rel="noreferrer noopener">Publikationsverzeichnis </a>findet sich auf der Mitarbeiterseite beim ZZF.</em></p>



<h4 class="wp-block-heading">Kontakt</h4>



<p>PD Dr. Johannes Schütz <br>Leibniz-Zentrum für Zeithistorische Forschung<br>Am Neuen Markt 1<br>14467 Potsdam</p>



<p>E-Mail: <a href="mailto:johannes.schuetz1@tu-dresden.de">johannes.schuetz@zzf-potsdam.de</a></p>



<p></p>

<p>PD Dr. Johannes Schütz ist wissenschaftlicher Mitarbeiter am ZZF Potsdam. Im Rahmen der Forschungsgruppe bearbeitet er das Forschungsprojekt »Rassistische Gewalt in der DDR. Praktiken und soziale Kontexte«, das rassistisch motivierte Gewaltereignisse und ihre gesellschaftlichen Bedingungen in der späten DDR untersucht.&hellip;  </p>
<p class="more-link"><a href="https://projekt.radikale-rechte.de/index.php/johannes-schuetz/">Continue reading <span class="meta-nav">&rarr;</span></a></p>
