{"id":1512,"date":"2025-06-05T16:02:37","date_gmt":"2025-06-05T14:02:37","guid":{"rendered":"https:\/\/projekt.radikale-rechte.de\/?page_id=1512"},"modified":"2026-02-26T13:53:06","modified_gmt":"2026-02-26T12:53:06","slug":"johann-henningsen","status":"publish","type":"page","link":"https:\/\/projekt.radikale-rechte.de\/index.php\/johann-henningsen\/","title":{"rendered":"Johann Henningsen"},"content":{"rendered":"\n<p><strong>Johann Henningsen ist wissenschaftlicher Mitarbeiter am MMZ Potsdam und assoziierter Doktorand am ZZF Potsdam. In seinem Promotionsvorhaben arbeitet er zum rassistischen Pogrom in Rostock-Lichtenhagen 1992.<\/strong><\/p>\n\n\n\n<div style=\"height:40px\" aria-hidden=\"true\" class=\"wp-block-spacer\"><\/div>\n\n\n\n<h4 class=\"wp-block-heading\">Vita<\/h4>\n\n\n\n<p>seit M\u00e4rz 2025<br>Wissenschaftlicher Mitarbeiter\/ Doktorand am MMZ Potsdam und assoziierter Doktorand am ZZF Potsdam im Projekt \u201eDie radikale Rechte in Deutschland, 1945-2000\u201c&nbsp;&nbsp;<\/p>\n\n\n\n<p>2023\u20132025&nbsp;<br>Projektkoordinator des Dokumentationszentrum &#8222;Lichtenhagen im Ged\u00e4chtnis&#8220; bei Soziale Bildung e.V., Rostock&nbsp;&nbsp;<\/p>\n\n\n\n<p>2019\u20132023&nbsp;<br>Studium Public History an der Freien Universit\u00e4t Berlin (M.A.)&nbsp;&nbsp;<\/p>\n\n\n\n<p>2015\u20132019&nbsp;<br>Studium Geschichtswissenschaften &amp; Gender Studies an der Humboldt-Universit\u00e4t zu Berlin (B.A.)&nbsp;&nbsp;<\/p>\n\n\n\n<p>seit 2015&nbsp;<br>Freier Bildungsreferent mit den Schwerpunktthemen Nationalsozialismus und Antisemitismus<\/p>\n\n\n\n<h4 class=\"wp-block-heading\">Publikationen<\/h4>\n\n\n\n<p class=\"has-small-font-size\">Rezension zu: F. Krebs u.a.: Hamburgs \u201eBaseballschl\u00e4gerjahre\u201c, auf: H-Soz-Kult, 06.01.2026, URL: <a href=\"https:\/\/www.hsozkult.de\/publicationreview\/id\/reb-158619?title=f-krebs-u-a-hamburgs-baseballschlaegerjahre\">https:\/\/www.hsozkult.de\/publicationreview\/id\/reb-158619?title=f-krebs-u-a-hamburgs-baseballschlaegerjahre<\/a>.<\/p>\n\n\n\n<p class=\"has-small-font-size\">Rezension zu: Matthias N. Lorenz, Nachbilder. Rostock-Lichtenhagen und die blinden Flecken der Erinnerung, auf: visual-history.de, 20.08.2025, URL: <a href=\"https:\/\/visual-history.de\/en\/2025\/08\/20\/henningsen-rezension-lorenz-nachbilder\/\">https:\/\/visual-history.de\/en\/2025\/08\/20\/henningsen-rezension-lorenz-nachbilder\/<\/a>.<\/p>\n\n\n\n<p class=\"has-small-font-size\">(mit Stefanie Oster): Zeitgeschichtlicher Kontext, Ablauf und Nachgeschichte des rassistischen Pogroms in Rostock-Lichtenhagen 1992 \/ Contextul istoric, desf\u0103\u0219urarea \u0219i urm\u0103rile pogromului rasist din Rostock-Lichtenhagen (1992), in: Dokumentationszentrum \u201eLichtenhagen im Ged\u00e4chtnis\u201c; Landeszentrale f\u00fcr politische Bildung Mecklenburg-Vorpommern: \u201eWir entkamen auf eigene Faust\u201c. Zeitzeuginnenberichte rum\u00e4nischer Romnja vom Pogrom in Rostock-Lichtenhagen 1992 \/ \u201eAm sc\u0103pat singuri\u201c. M\u0103rturii ale romilor rom\u00e2ni despre pogromul din Rostock-Lichtenhagen (1992), Schwerin 2024, S. 23\u201353, URL: <a class=\"\" href=\"https:\/\/www.lpb-mv.de\/nc\/publikationen\/detail\/wir-entkamen-auf-eigene-faust\/\">https:\/\/www.lpb-mv.de\/nc\/publikationen\/detail\/wir-entkamen-auf-eigene-faust\/<\/a>.<\/p>\n\n\n\n<p class=\"has-small-font-size\">(mit Stefanie Oster): \u201eWe escaped on our own.\u201c Videointerview mit Marian Dumitru \u00fcber das Pogrom in Rostock-Lichtenhagen, Rum\u00e4nien 2022, auf: Selbstzeugnisse revisited, 2024, URL: <a class=\"\" href=\"https:\/\/selbstzeugnisse-revisited.de\/we-escaped-on-our-own-marian-dumitru-ueber-das-pogrom-in-rostock-lichtenhagen-1992\/\">https:\/\/selbstzeugnisse-revisited.de\/we-escaped-on-our-own-marian-dumitru-ueber-das-pogrom-in-rostock-lichtenhagen-1992\/<\/a>.<\/p>\n\n\n\n<p class=\"has-small-font-size\">(mit Stefanie Oster): Betroffene Romnja des Pogroms in Rostock-Lichtenhagen 1992. Bericht aus einem Rechercheprojekt, in: Gudrun Heinrich, David J\u00fcnger, Oliver Plessow, Cornelia Sylla (Hg.), Kulturen des Erinnerns und Verdr\u00e4ngens. Perspektiven auf 30 Jahre Rostock-Lichtenhagen, Berlin 2024, S. 97\u2013110, URL: <a class=\"\" href=\"https:\/\/neofelis-verlag.de\/media\/pdf\/78\/c5\/21\/OA_9783958084933.pdf\">https:\/\/neofelis-verlag.de\/media\/pdf\/78\/c5\/21\/OA_9783958084933.pdf<\/a>.<\/p>\n\n\n\n<p class=\"has-small-font-size\">(mit Stefanie Oster und Christoph Schultz): Bildungsarbeit zum rassistischen Pogrom in Rostock-Lichtenhagen, in: Polis 4\/2023, S. 21\u201324.<\/p>\n\n\n\n<p class=\"has-small-font-size\">(mit Stefanie Oster): \u201eThe truth lies in Rostock\u201c \u2013 Eine Dokumentation zum Pogrom in Lichtenhagen 1992, auf: Zeitgeschichte-online, 2022, URL: <a class=\"\" href=\"https:\/\/zeitgeschichte-online.de\/film\/truth-lies-rostock\">https:\/\/zeitgeschichte-online.de\/film\/truth-lies-rostock<\/a>.<\/p>\n\n\n\n<p class=\"has-small-font-size\"><em>Podcast<\/em><\/p>\n\n\n\n<p class=\"has-small-font-size\">(mit Kutlu Yurtseven): \u00a0Podcast-Episode &#8211; Wir erinnern\u2026 an rechte Gewalt, Heinrich B\u00f6ll Stiftung, 28. Januar 2025, URL: <a href=\"https:\/\/www.boell.de\/de\/media\/podcast-episode-podigee\/wir-erinnern-rechte-gewalt-mit-johann-henningsen-kutlu-yurtseven\">https:\/\/www.boell.de\/de\/media\/podcast-episode-podigee\/wir-erinnern-rechte-gewalt-mit-johann-henningsen-kutlu-yurtseven<\/a>. <\/p>\n\n\n\n<p class=\"has-small-font-size\"><\/p>\n\n\n\n<h4 class=\"wp-block-heading\">Kontakt<\/h4>\n\n\n\n<p>Johann Henningsen<br>Moses Mendelssohn Zentrum f\u00fcr europ\u00e4isch-j\u00fcdische Studien e.V.&nbsp;<br>Am Neuen Markt 8&nbsp;<br>14467 Potsdam<\/p>\n\n\n\n<p>E-Mail:&nbsp;<a href=\"mailto:johann.henningsen@uni-potsdam.de\">johann.henningsen@uni-potsdam.de<\/a><\/p>\n","protected":false},"excerpt":{"rendered":"<p>Johann Henningsen ist wissenschaftlicher Mitarbeiter am MMZ Potsdam und assoziierter Doktorand am ZZF Potsdam. In seinem Promotionsvorhaben arbeitet er zum rassistischen Pogrom in Rostock-Lichtenhagen 1992. Vita seit M\u00e4rz 2025Wissenschaftlicher Mitarbeiter\/ Doktorand am MMZ Potsdam und assoziierter Doktorand am ZZF Potsdam&hellip;  <\/p>\n<p class=\"more-link\"><a href=\"https:\/\/projekt.radikale-rechte.de\/index.php\/johann-henningsen\/\">Continue reading <span class=\"meta-nav\">&rarr;<\/span><\/a><\/p>\n","protected":false},"author":2,"featured_media":0,"parent":0,"menu_order":0,"comment_status":"closed","ping_status":"closed","template":"","meta":{"footnotes":""},"class_list":["post-1512","page","type-page","status-publish","hentry"],"_links":{"self":[{"href":"https:\/\/projekt.radikale-rechte.de\/index.php\/wp-json\/wp\/v2\/pages\/1512","targetHints":{"allow":["GET"]}}],"collection":[{"href":"https:\/\/projekt.radikale-rechte.de\/index.php\/wp-json\/wp\/v2\/pages"}],"about":[{"href":"https:\/\/projekt.radikale-rechte.de\/index.php\/wp-json\/wp\/v2\/types\/page"}],"author":[{"embeddable":true,"href":"https:\/\/projekt.radikale-rechte.de\/index.php\/wp-json\/wp\/v2\/users\/2"}],"replies":[{"embeddable":true,"href":"https:\/\/projekt.radikale-rechte.de\/index.php\/wp-json\/wp\/v2\/comments?post=1512"}],"version-history":[{"count":5,"href":"https:\/\/projekt.radikale-rechte.de\/index.php\/wp-json\/wp\/v2\/pages\/1512\/revisions"}],"predecessor-version":[{"id":1632,"href":"https:\/\/projekt.radikale-rechte.de\/index.php\/wp-json\/wp\/v2\/pages\/1512\/revisions\/1632"}],"wp:attachment":[{"href":"https:\/\/projekt.radikale-rechte.de\/index.php\/wp-json\/wp\/v2\/media?parent=1512"}],"curies":[{"name":"wp","href":"https:\/\/api.w.org\/{rel}","templated":true}]}}

<p><strong>Johann Henningsen ist wissenschaftlicher Mitarbeiter am MMZ Potsdam und assoziierter Doktorand am ZZF Potsdam. In seinem Promotionsvorhaben arbeitet er zum rassistischen Pogrom in Rostock-Lichtenhagen 1992.</strong></p>



<div style="height:40px" aria-hidden="true" class="wp-block-spacer"></div>



<h4 class="wp-block-heading">Vita</h4>



<p>seit März 2025<br>Wissenschaftlicher Mitarbeiter/ Doktorand am MMZ Potsdam und assoziierter Doktorand am ZZF Potsdam im Projekt „Die radikale Rechte in Deutschland, 1945-2000“&nbsp;&nbsp;</p>



<p>2023–2025&nbsp;<br>Projektkoordinator des Dokumentationszentrum &#8222;Lichtenhagen im Gedächtnis&#8220; bei Soziale Bildung e.V., Rostock&nbsp;&nbsp;</p>



<p>2019–2023&nbsp;<br>Studium Public History an der Freien Universität Berlin (M.A.)&nbsp;&nbsp;</p>



<p>2015–2019&nbsp;<br>Studium Geschichtswissenschaften &amp; Gender Studies an der Humboldt-Universität zu Berlin (B.A.)&nbsp;&nbsp;</p>



<p>seit 2015&nbsp;<br>Freier Bildungsreferent mit den Schwerpunktthemen Nationalsozialismus und Antisemitismus</p>



<h4 class="wp-block-heading">Publikationen</h4>



<p class="has-small-font-size">Rezension zu: F. Krebs u.a.: Hamburgs „Baseballschlägerjahre“, auf: H-Soz-Kult, 06.01.2026, URL: <a href="https://www.hsozkult.de/publicationreview/id/reb-158619?title=f-krebs-u-a-hamburgs-baseballschlaegerjahre">https://www.hsozkult.de/publicationreview/id/reb-158619?title=f-krebs-u-a-hamburgs-baseballschlaegerjahre</a>.</p>



<p class="has-small-font-size">Rezension zu: Matthias N. Lorenz, Nachbilder. Rostock-Lichtenhagen und die blinden Flecken der Erinnerung, auf: visual-history.de, 20.08.2025, URL: <a href="https://visual-history.de/en/2025/08/20/henningsen-rezension-lorenz-nachbilder/">https://visual-history.de/en/2025/08/20/henningsen-rezension-lorenz-nachbilder/</a>.</p>



<p class="has-small-font-size">(mit Stefanie Oster): Zeitgeschichtlicher Kontext, Ablauf und Nachgeschichte des rassistischen Pogroms in Rostock-Lichtenhagen 1992 / Contextul istoric, desfășurarea și urmările pogromului rasist din Rostock-Lichtenhagen (1992), in: Dokumentationszentrum „Lichtenhagen im Gedächtnis“; Landeszentrale für politische Bildung Mecklenburg-Vorpommern: „Wir entkamen auf eigene Faust“. Zeitzeuginnenberichte rumänischer Romnja vom Pogrom in Rostock-Lichtenhagen 1992 / „Am scăpat singuri“. Mărturii ale romilor români despre pogromul din Rostock-Lichtenhagen (1992), Schwerin 2024, S. 23–53, URL: <a class="" href="https://www.lpb-mv.de/nc/publikationen/detail/wir-entkamen-auf-eigene-faust/">https://www.lpb-mv.de/nc/publikationen/detail/wir-entkamen-auf-eigene-faust/</a>.</p>



<p class="has-small-font-size">(mit Stefanie Oster): „We escaped on our own.“ Videointerview mit Marian Dumitru über das Pogrom in Rostock-Lichtenhagen, Rumänien 2022, auf: Selbstzeugnisse revisited, 2024, URL: <a class="" href="https://selbstzeugnisse-revisited.de/we-escaped-on-our-own-marian-dumitru-ueber-das-pogrom-in-rostock-lichtenhagen-1992/">https://selbstzeugnisse-revisited.de/we-escaped-on-our-own-marian-dumitru-ueber-das-pogrom-in-rostock-lichtenhagen-1992/</a>.</p>



<p class="has-small-font-size">(mit Stefanie Oster): Betroffene Romnja des Pogroms in Rostock-Lichtenhagen 1992. Bericht aus einem Rechercheprojekt, in: Gudrun Heinrich, David Jünger, Oliver Plessow, Cornelia Sylla (Hg.), Kulturen des Erinnerns und Verdrängens. Perspektiven auf 30 Jahre Rostock-Lichtenhagen, Berlin 2024, S. 97–110, URL: <a class="" href="https://neofelis-verlag.de/media/pdf/78/c5/21/OA_9783958084933.pdf">https://neofelis-verlag.de/media/pdf/78/c5/21/OA_9783958084933.pdf</a>.</p>



<p class="has-small-font-size">(mit Stefanie Oster und Christoph Schultz): Bildungsarbeit zum rassistischen Pogrom in Rostock-Lichtenhagen, in: Polis 4/2023, S. 21–24.</p>



<p class="has-small-font-size">(mit Stefanie Oster): „The truth lies in Rostock“ – Eine Dokumentation zum Pogrom in Lichtenhagen 1992, auf: Zeitgeschichte-online, 2022, URL: <a class="" href="https://zeitgeschichte-online.de/film/truth-lies-rostock">https://zeitgeschichte-online.de/film/truth-lies-rostock</a>.</p>



<p class="has-small-font-size"><em>Podcast</em></p>



<p class="has-small-font-size">(mit Kutlu Yurtseven):  Podcast-Episode &#8211; Wir erinnern… an rechte Gewalt, Heinrich Böll Stiftung, 28. Januar 2025, URL: <a href="https://www.boell.de/de/media/podcast-episode-podigee/wir-erinnern-rechte-gewalt-mit-johann-henningsen-kutlu-yurtseven">https://www.boell.de/de/media/podcast-episode-podigee/wir-erinnern-rechte-gewalt-mit-johann-henningsen-kutlu-yurtseven</a>. </p>



<p class="has-small-font-size"></p>



<h4 class="wp-block-heading">Kontakt</h4>



<p>Johann Henningsen<br>Moses Mendelssohn Zentrum für europäisch-jüdische Studien e.V.&nbsp;<br>Am Neuen Markt 8&nbsp;<br>14467 Potsdam</p>



<p>E-Mail:&nbsp;<a href="mailto:johann.henningsen@uni-potsdam.de">johann.henningsen@uni-potsdam.de</a></p>

<p>Johann Henningsen ist wissenschaftlicher Mitarbeiter am MMZ Potsdam und assoziierter Doktorand am ZZF Potsdam. In seinem Promotionsvorhaben arbeitet er zum rassistischen Pogrom in Rostock-Lichtenhagen 1992. Vita seit März 2025Wissenschaftlicher Mitarbeiter/ Doktorand am MMZ Potsdam und assoziierter Doktorand am ZZF Potsdam&hellip;  </p>
<p class="more-link"><a href="https://projekt.radikale-rechte.de/index.php/johann-henningsen/">Continue reading <span class="meta-nav">&rarr;</span></a></p>
