{"id":1559,"date":"2025-07-09T10:33:21","date_gmt":"2025-07-09T08:33:21","guid":{"rendered":"https:\/\/projekt.radikale-rechte.de\/?page_id=1559"},"modified":"2025-07-09T10:34:19","modified_gmt":"2025-07-09T08:34:19","slug":"gewalt","status":"publish","type":"page","link":"https:\/\/projekt.radikale-rechte.de\/index.php\/gewalt\/","title":{"rendered":"Gewalt"},"content":{"rendered":"\n<h3 class=\"wp-block-heading\" id=\"vom-rowdytum-zur-bundesweiten-organisierung-die-neonazistische-rechte-in-beiden-deutschen-staaten-1983-1991\">Rassistische Gewalt in der DDR. Ereignisse, Akteure, Analysen<\/h3>\n\n\n\n<p><strong>Postdoc-Projekt von <\/strong><a href=\"https:\/\/projekt.radikale-rechte.de\/index.php\/johannes-schuetz\/\"><strong>Johannes Sch\u00fctz<\/strong><\/a><br><strong>Teilprojekt des von der VolkswagenStiftung finanzierten Projekts<br><\/strong><a href=\"https:\/\/projekt.radikale-rechte.de\/index.php\/johannes-schuetz\/\"><br><\/a>Mit der Migration in die DDR setzten immer wieder Gewaltwellen ein. Nicht erst in den &#8222;Baseballschl\u00e4gerjahren&#8220; seit 1990, sondern bereits davor wurden Menschen aufgrund einer rassistischen Markierung in Ostdeutschland attackiert, verletzt, teilweise get\u00f6tet. Die rudiment\u00e4re Erforschung dieser Ereignisse deutet bereits an, dass die Gewalt nahezu ubiquit\u00e4r in der DDR-Gesellschaft zu finden war. Jedoch gibt es bisher weder verl\u00e4ssliche Zahlen, noch systematische Analysen dieser Gewaltereignisse. Das Projekt nimmt die vielen hundert Ereignissen systematisch-vergleichend in den Blick.<\/p>\n\n\n\n<p>Es visiert ein analytisches Verstehen dieses Ph\u00e4nomens an und zielt auf eine sozial- und kulturgeschichtliche Untersuchung der rassistischen Gewalt in der DDR ab. Das Forschungsprojekt widmet sich daf\u00fcr der Erfassung repr\u00e4sentativer ebenso wie exzeptioneller Situationen der Gewalt. Dabei st\u00fctzt es sich nicht nur auf die knappen Berichte in den Unterlagen des Ministeriums f\u00fcr Staatssicherheit der DDR, sondern hebt umfangreich korrespondierende Quellen und untersucht diese mit dem analytischen Instrumentarium der situationalen Gewalttheorie und der prozesssoziologischen Gewaltforschung.<\/p>\n","protected":false},"excerpt":{"rendered":"<p>Rassistische Gewalt in der DDR. Ereignisse, Akteure, Analysen Postdoc-Projekt von Johannes Sch\u00fctzTeilprojekt des von der VolkswagenStiftung finanzierten ProjektsMit der Migration in die DDR setzten immer wieder Gewaltwellen ein. Nicht erst in den &#8222;Baseballschl\u00e4gerjahren&#8220; seit 1990, sondern bereits davor wurden Menschen&hellip;  <\/p>\n<p class=\"more-link\"><a href=\"https:\/\/projekt.radikale-rechte.de\/index.php\/gewalt\/\">Continue reading <span class=\"meta-nav\">&rarr;<\/span><\/a><\/p>\n","protected":false},"author":9,"featured_media":0,"parent":0,"menu_order":0,"comment_status":"closed","ping_status":"closed","template":"","meta":{"footnotes":""},"class_list":["post-1559","page","type-page","status-publish","hentry"],"_links":{"self":[{"href":"https:\/\/projekt.radikale-rechte.de\/index.php\/wp-json\/wp\/v2\/pages\/1559","targetHints":{"allow":["GET"]}}],"collection":[{"href":"https:\/\/projekt.radikale-rechte.de\/index.php\/wp-json\/wp\/v2\/pages"}],"about":[{"href":"https:\/\/projekt.radikale-rechte.de\/index.php\/wp-json\/wp\/v2\/types\/page"}],"author":[{"embeddable":true,"href":"https:\/\/projekt.radikale-rechte.de\/index.php\/wp-json\/wp\/v2\/users\/9"}],"replies":[{"embeddable":true,"href":"https:\/\/projekt.radikale-rechte.de\/index.php\/wp-json\/wp\/v2\/comments?post=1559"}],"version-history":[{"count":2,"href":"https:\/\/projekt.radikale-rechte.de\/index.php\/wp-json\/wp\/v2\/pages\/1559\/revisions"}],"predecessor-version":[{"id":1563,"href":"https:\/\/projekt.radikale-rechte.de\/index.php\/wp-json\/wp\/v2\/pages\/1559\/revisions\/1563"}],"wp:attachment":[{"href":"https:\/\/projekt.radikale-rechte.de\/index.php\/wp-json\/wp\/v2\/media?parent=1559"}],"curies":[{"name":"wp","href":"https:\/\/api.w.org\/{rel}","templated":true}]}}

<h3 class="wp-block-heading" id="vom-rowdytum-zur-bundesweiten-organisierung-die-neonazistische-rechte-in-beiden-deutschen-staaten-1983-1991">Rassistische Gewalt in der DDR. Ereignisse, Akteure, Analysen</h3>



<p><strong>Postdoc-Projekt von </strong><a href="https://projekt.radikale-rechte.de/index.php/johannes-schuetz/"><strong>Johannes Schütz</strong></a><br><strong>Teilprojekt des von der VolkswagenStiftung finanzierten Projekts<br></strong><a href="https://projekt.radikale-rechte.de/index.php/johannes-schuetz/"><br></a>Mit der Migration in die DDR setzten immer wieder Gewaltwellen ein. Nicht erst in den &#8222;Baseballschlägerjahren&#8220; seit 1990, sondern bereits davor wurden Menschen aufgrund einer rassistischen Markierung in Ostdeutschland attackiert, verletzt, teilweise getötet. Die rudimentäre Erforschung dieser Ereignisse deutet bereits an, dass die Gewalt nahezu ubiquitär in der DDR-Gesellschaft zu finden war. Jedoch gibt es bisher weder verlässliche Zahlen, noch systematische Analysen dieser Gewaltereignisse. Das Projekt nimmt die vielen hundert Ereignissen systematisch-vergleichend in den Blick.</p>



<p>Es visiert ein analytisches Verstehen dieses Phänomens an und zielt auf eine sozial- und kulturgeschichtliche Untersuchung der rassistischen Gewalt in der DDR ab. Das Forschungsprojekt widmet sich dafür der Erfassung repräsentativer ebenso wie exzeptioneller Situationen der Gewalt. Dabei stützt es sich nicht nur auf die knappen Berichte in den Unterlagen des Ministeriums für Staatssicherheit der DDR, sondern hebt umfangreich korrespondierende Quellen und untersucht diese mit dem analytischen Instrumentarium der situationalen Gewalttheorie und der prozesssoziologischen Gewaltforschung.</p>

<p>Rassistische Gewalt in der DDR. Ereignisse, Akteure, Analysen Postdoc-Projekt von Johannes SchützTeilprojekt des von der VolkswagenStiftung finanzierten ProjektsMit der Migration in die DDR setzten immer wieder Gewaltwellen ein. Nicht erst in den &#8222;Baseballschlägerjahren&#8220; seit 1990, sondern bereits davor wurden Menschen&hellip;  </p>
<p class="more-link"><a href="https://projekt.radikale-rechte.de/index.php/gewalt/">Continue reading <span class="meta-nav">&rarr;</span></a></p>
