{"id":1566,"date":"2025-07-09T10:39:16","date_gmt":"2025-07-09T08:39:16","guid":{"rendered":"https:\/\/projekt.radikale-rechte.de\/?page_id=1566"},"modified":"2025-07-09T10:39:16","modified_gmt":"2025-07-09T08:39:16","slug":"maennlichkeit","status":"publish","type":"page","link":"https:\/\/projekt.radikale-rechte.de\/index.php\/maennlichkeit\/","title":{"rendered":"M\u00e4nnlichkeit"},"content":{"rendered":"\n<h3 class=\"wp-block-heading\" id=\"vom-rowdytum-zur-bundesweiten-organisierung-die-neonazistische-rechte-in-beiden-deutschen-staaten-1983-1991\"><strong>M\u00e4nnlichkeiten in der radikalen Rechten<\/strong><\/h3>\n\n\n\n<p><strong>Dissertationsprojekt von <a href=\"https:\/\/projekt.radikale-rechte.de\/index.php\/team\/lea-tewes\/\" data-type=\"page\" data-id=\"548\">Lea Tewes<\/a><\/strong><br>(Teilprojekt des von der VolkswagenStiftung finanzierten Projekts)<br><\/p>\n\n\n\n<p>Ein soldatisches M\u00e4nnlichkeitsideal gilt f\u00fcr die radikale Rechte als selbstverst\u00e4ndlich. Doch welche weiteren Rollen und Spielr\u00e4ume gab es f\u00fcr rechte M\u00e4nner in der zweiten H\u00e4lfte des 20. Jahrhunderts? Und wie wurden M\u00e4nnerbilder hergestellt und durchgesetzt? Wie wurde in der Rechten auf Abweichungen von diesen Rollen reagiert? Diese Fragen wurden bisher zeithistorisch nicht erforscht. In meinem Projekt werde ich sie mithilfe eines praxeologischen Ansatzes untersuchen. Ein Fokus soll dabei auf m\u00e4nnlicher Homosexualit\u00e4t liegen, da sie als Abweichung vom hegemonialen M\u00e4nnlichkeitsbild aufgefasst wird. Und dort, wo das als fraglos gegeben erscheinende Geschlecht vom Ideal abweicht, kann es &#8222;zum Sprechen gebracht&#8220; werden (Meuser). Dies zeigen die regen Diskussionen um M\u00e4nnlichkeit und Homosexualit\u00e4t um Michael K\u00fchnen in den 1980er Jahren. Dar\u00fcber hinaus sollen weitere m\u00f6gliche Rollen rechter M\u00e4nner, beispielsweise der Vaterrolle, beleuchtet werden.\u00a0<\/p>\n","protected":false},"excerpt":{"rendered":"<p>M\u00e4nnlichkeiten in der radikalen Rechten Dissertationsprojekt von Lea Tewes(Teilprojekt des von der VolkswagenStiftung finanzierten Projekts) Ein soldatisches M\u00e4nnlichkeitsideal gilt f\u00fcr die radikale Rechte als selbstverst\u00e4ndlich. Doch welche weiteren Rollen und Spielr\u00e4ume gab es f\u00fcr rechte M\u00e4nner in der zweiten H\u00e4lfte&hellip;  <\/p>\n<p class=\"more-link\"><a href=\"https:\/\/projekt.radikale-rechte.de\/index.php\/maennlichkeit\/\">Continue reading <span class=\"meta-nav\">&rarr;<\/span><\/a><\/p>\n","protected":false},"author":9,"featured_media":0,"parent":0,"menu_order":0,"comment_status":"closed","ping_status":"closed","template":"","meta":{"footnotes":""},"class_list":["post-1566","page","type-page","status-publish","hentry"],"_links":{"self":[{"href":"https:\/\/projekt.radikale-rechte.de\/index.php\/wp-json\/wp\/v2\/pages\/1566","targetHints":{"allow":["GET"]}}],"collection":[{"href":"https:\/\/projekt.radikale-rechte.de\/index.php\/wp-json\/wp\/v2\/pages"}],"about":[{"href":"https:\/\/projekt.radikale-rechte.de\/index.php\/wp-json\/wp\/v2\/types\/page"}],"author":[{"embeddable":true,"href":"https:\/\/projekt.radikale-rechte.de\/index.php\/wp-json\/wp\/v2\/users\/9"}],"replies":[{"embeddable":true,"href":"https:\/\/projekt.radikale-rechte.de\/index.php\/wp-json\/wp\/v2\/comments?post=1566"}],"version-history":[{"count":1,"href":"https:\/\/projekt.radikale-rechte.de\/index.php\/wp-json\/wp\/v2\/pages\/1566\/revisions"}],"predecessor-version":[{"id":1567,"href":"https:\/\/projekt.radikale-rechte.de\/index.php\/wp-json\/wp\/v2\/pages\/1566\/revisions\/1567"}],"wp:attachment":[{"href":"https:\/\/projekt.radikale-rechte.de\/index.php\/wp-json\/wp\/v2\/media?parent=1566"}],"curies":[{"name":"wp","href":"https:\/\/api.w.org\/{rel}","templated":true}]}}