{"id":21,"date":"2021-11-16T12:51:17","date_gmt":"2021-11-16T11:51:17","guid":{"rendered":"https:\/\/projekt.radikale-rechte.de\/?page_id=21"},"modified":"2026-02-26T11:44:49","modified_gmt":"2026-02-26T10:44:49","slug":"dominik-rigoll","status":"publish","type":"page","link":"https:\/\/projekt.radikale-rechte.de\/index.php\/dominik-rigoll\/","title":{"rendered":"Dominik Rigoll"},"content":{"rendered":"\n<div class=\"wp-block-columns is-layout-flex wp-container-core-columns-is-layout-9d6595d7 wp-block-columns-is-layout-flex\">\n<div class=\"wp-block-column is-layout-flow wp-block-column-is-layout-flow\" style=\"flex-basis:100%\"><\/div>\n<\/div>\n\n\n\n<div class=\"wp-block-columns is-layout-flex wp-container-core-columns-is-layout-9d6595d7 wp-block-columns-is-layout-flex\">\n<div class=\"wp-block-column is-layout-flow wp-block-column-is-layout-flow\" style=\"flex-basis:33.33%\">\n<figure class=\"wp-block-image size-full\"><img loading=\"lazy\" decoding=\"async\" width=\"1394\" height=\"1859\" src=\"https:\/\/projekt.radikale-rechte.de\/wp-content\/uploads\/2024\/01\/Rigoll_20230909_DR2066_kl-1.jpg\" alt=\"\" class=\"wp-image-1210\"\/><\/figure>\n\n\n\n<p style=\"font-size:10px\">Foto: Matthias Wehofsky<br><br><br><\/p>\n<\/div>\n\n\n\n<div class=\"wp-block-column is-layout-flow wp-block-column-is-layout-flow\" style=\"flex-basis:66.66%\">\n<p><strong>Dr. Dominik Rigoll ist wissenschaftlicher Mitarbeiter am ZZF Potsdam. Im Rahmen der Forschungsgruppe bearbeitet er das Postdoc-Projekt \u00bbSch\u00fcbe nach rechts<\/strong>:<strong> Wie rechte Parteien das besetzte und geteilte Deutschland pr\u00e4gten\u00ab.<\/strong><\/p>\n<\/div>\n<\/div>\n\n\n\n<h4 class=\"wp-block-heading\" id=\"vita\">Vita<\/h4>\n\n\n\n<p>seit Mai 2025<br>Wissenschaftlicher Mitarbeiter in Abteilung V: Globalisierungen in einer geteilten Welt am Leibniz-Zentrum f\u00fcr Zeithistorische Forschung (ZZF) <\/p>\n\n\n\n<p>2019\u20132021<br>Koordinator der Graduiertenf\u00f6rderung am ZZF Potsdam<\/p>\n\n\n\n<p>April 2015-April 2025<br>Wissenschaftlicher Mitarbeiter am Leibniz-Zentrum f\u00fcr Zeithistorische Forschung Potsdam (ZZF)<\/p>\n\n\n\n<p>Februar\u2013M\u00e4rz 2015<br>Wissenschaftlicher Mitarbeiter, Institut f\u00fcr Zeitgeschichte M\u00fcnchen-Berlin, Abteilung Berlin<\/p>\n\n\n\n<p>WS 2014\u20132015<br>Visiting Fellow, History Departement, Princeton University, Princeton NJ<\/p>\n\n\n\n<p>WS 2013\u20132014<br>Fernand Braudel Fellow, Institut d\u2018histoire du temps pr\u00e9sent, Paris<\/p>\n\n\n\n<p>2010\u20132014<br>Wissenschaftlicher Mitarbeiter, Lehrstuhl f\u00fcr Neuere und Neueste Geschichte, Friedrich-Schiller-Universit\u00e4t Jena<\/p>\n\n\n\n<p>2009\u20132010<br>Co-Leitung der Forschungsgruppe \u201eNationalsozialismus und autorit\u00e4re Regime\u201c, Centre Marc Bloch Berlin<\/p>\n\n\n\n<p>2009<br>Wissenschaftlicher Projektkoordinator und Assistent der Direktion, Centre Marc Bloch Berlin<\/p>\n\n\n\n<p>2003\u20132010<br>Dr. phil., Freie Universit\u00e4t Berlin<\/p>\n\n\n\n<p>2000\u20132003<br>M.A., Freie Universit\u00e4t Berlin<\/p>\n\n\n\n<p>1999\u20132000<br>Ma\u00eetrise d\u2018histoire, Universit\u00e9 Bordeaux-III<\/p>\n\n\n\n<div style=\"height:32px\" aria-hidden=\"true\" class=\"wp-block-spacer\"><\/div>\n\n\n\n<h4 class=\"wp-block-heading\" id=\"publikationen\">Publikationen<\/h4>\n\n\n\n<p class=\"has-small-font-size\"><em>Monografie<\/em><\/p>\n\n\n\n<p class=\"has-small-font-size\">Nationalismus neu erfinden. Rechte Parteien und rechte Politik von der Weimarer zur Bonner Republik, erscheint 2026.<\/p>\n\n\n\n<p class=\"has-small-font-size\">Staatsschutz in Westdeutschland. Von der Entnazifizierung zur Extremistenabwehr, G\u00f6ttingen 2013 (2. Aufl. 2013).<\/p>\n\n\n\n<p class=\"has-small-font-size\"><em>Herausgeberschaften<\/em><\/p>\n\n\n\n<p class=\"has-small-font-size\">(Mit Yves M\u00fcller), Gegenwartspolitik. Kommunismus, Antifaschismus und \u201eVergangenheitsbew\u00e4ltigung\u201c in Deutschland nach 1945, Themenheft in: Zeitschrift f\u00fcr Geschichtswissenschaft 73, Nr. 7\/8 (2025).<\/p>\n\n\n\n<p class=\"has-small-font-size\">(Mit Claudia Gatzka und Ulrich M\u00e4hlert), Der Ort des Kommunismus in den westeurop\u00e4ischen Demokratien seit 1945, Jahrbuch f\u00fcr historische Kommunismusforschung, Metropol, Berlin 2025. Rezensionen: H-Soz-Kult (Milan Mentz), FAZ (Eckhard Jesse). <\/p>\n\n\n\n<p class=\"has-small-font-size\">(Mit der Redaktion des Zeithistorischen Arbeitskreises Extreme Rechte), Zeitgeschichte der Rechten. Neue Arbeiten zu einem jungen Forschungsfeld, Schwerpunkt auf Zeitgeschichte-online, seit August 2020, <a href=\"https:\/\/zeitgeschichte-online.de\/themen\/zeitgeschichte-der-rechten\" target=\"_blank\" rel=\"noreferrer noopener\">https:\/\/zeitgeschichte-online.de\/themen\/zeitgeschichte-der-rechten<\/a>.<\/p>\n\n\n\n<p class=\"has-small-font-size\">(Mit Marc Berg\u00e8re, Jonas Campion, Emmanuel Droit und Marie-B\u00e9n\u00e9dicte Vincent) Pour une histoire connect\u00e9e et transnationale des \u00e9purations en Europe apr\u00e8s 1945, Bruxelles 2019.<\/p>\n\n\n\n<p class=\"has-small-font-size\">(Mit Norbert Frei) Der Antikommunismus in seiner Epoche. Weltanschauung und Politik in Deutschland, Europa und den USA, G\u00f6ttingen 2017.<\/p>\n\n\n\n<p class=\"has-small-font-size\"><em>Artikel und Kapitel zur politischen Rechten<\/em><\/p>\n\n\n\n<p class=\"has-small-font-size\">Von der WAV zur AfD. Nationalistische Parteien in Deutschland seit 1945, in: Fabian Virchow, Anke Hoffstadt, Cordelia He\u00df, Alexander H\u00e4usler (Hg.), Handbuch Rechtsextremismus, Springer VS, Wiesbaden, im Erscheinen.<\/p>\n\n\n\n<p class=\"has-small-font-size\">Niederlage und Neuanfang. Die nationalistische Rechte transformiert sich, 1945-1953, in: Martin Langebach (Hg.), Deutschlands radikale Rechte 1945 bis 2025, Bundeszentrale f\u00fcr politische Bildung, Bonn, im Erscheinen.<\/p>\n\n\n\n<p class=\"has-small-font-size\">Der Nationalismus und die Rechte, in: Claudia Gatzka\/Sonja Levsen, Neue Wege zu einer Geschichte der Bundesrepublik, Suhrkamp, Frankfurt am Main 2025, S. 112-137.<\/p>\n\n\n\n<p class=\"has-small-font-size\">(Mit Yves M\u00fcller), Kurt Philip Tauber (1922\u20132024). Ein Nachruf, in: Historische Zeitschrift 319 (2024), H. 2, S. 336\u2013344, DOI: <a href=\"https:\/\/doi.org\/10.1515\/hzhz-2024-0028\" target=\"_blank\" rel=\"noreferrer noopener\">10.1515\/hzhz-2024-0028<\/a>.<\/p>\n\n\n\n<p class=\"has-small-font-size\">Umarmung und Abwehr. Wie nach 1945 eine rechte Sammlungspartei verhindert wurde \u2013 und was wir daraus lernen sollten, in: <a href=\"https:\/\/www.blaetter.de\/ausgabe\/2024\/januar\/umarmung-und-abwehr\" data-type=\"link\" data-id=\"https:\/\/www.blaetter.de\/ausgabe\/2024\/januar\/umarmung-und-abwehr\" target=\"_blank\" rel=\"noreferrer noopener\">Bl\u00e4tter f\u00fcr deutsche und internationale Politik, 1\/2024<\/a>, S. 90\u2013100 (paywall).<\/p>\n\n\n\n<p class=\"has-small-font-size\">(Mit Laura Ha\u00dfler), Forschungen und Quellen zur deutschen Rechten. Teil 2: Handlungen und Wirkungen, in: <a href=\"https:\/\/www.fes.de\/afs\/baende#c248785\" target=\"_blank\" rel=\"noreferrer noopener\">Archiv f\u00fcr Sozialgeschichte<\/a> 63 (2023), S. 491\u2013545.<\/p>\n\n\n\n<p class=\"has-small-font-size\">Internationalismus von rechts. \u00bbDeutsch-franz\u00f6sische Vers\u00f6hnung\u00ab unter nationalistischen Vorzeichen am Beispiel von Friedrich Grimm (1888\u20131959), in: Anne Couderc\/Corine Defrance\/Ulrich Pfeil (Hg.), La r\u00e9conciliation. Histoire d&#8217;un concept entre oubli et m\u00e9moire \/ Vers\u00f6hnung. Geschichte eines Begriffs zwischen Vergessen und Erinnern (L&#8217;Allemagne dans les relations internationales \/ Deutschland in den internationalen Beziehungen; 18), Br\u00fcssel: Lang, 2022, S. 241\u2013261.<\/p>\n\n\n\n<p class=\"has-small-font-size\">Public History von links nach rechts. Zur De:Nationalisierung des Zeithistorischen in Besatzungszeit und Bundesrepublik, in: Frank B\u00f6sch\/Stefanie Eisenhuth\/Hanno Hochmuth u.a. (Hg.), Public Historians. Zeithistorische Interventionen seit 1945, G\u00f6ttingen 2021, S. 87\u2013105.<\/p>\n\n\n\n<p class=\"has-small-font-size\">(Mit Laura Ha\u00dfler), Forschungen und Quellen zur deutschen Rechten, Teil 1: Ans\u00e4tze und Akteur*innen, in: <a href=\"https:\/\/www.fes.de\/afs\/baende#c248785\" target=\"_blank\" rel=\"noreferrer noopener\">Archiv f\u00fcr Sozialgeschichte<\/a> 61 (2021), S. 569\u2013611.<\/p>\n\n\n\n<p class=\"has-small-font-size\">(Mit Yves M\u00fcller) <a href=\"https:\/\/www.fes.de\/index.php?eID=dumpFile&amp;t=f&amp;f=63303&amp;token=e80d6e3b4929fab2ed3e5d6be59faf5a43c2aabe\" target=\"_blank\" rel=\"noreferrer noopener\">Zeitgeschichte des Nationalismus. F\u00fcr eine Historisierung von Nationalsozialismus und Rechtsradikalismus als politische Nationalismen<\/a>, in: Archiv f\u00fcr Sozialgeschichte 60 (2020), S. 323\u2013351.<\/p>\n\n\n\n<p class=\"has-small-font-size\"><a href=\"https:\/\/www.zeitschrift-luxemburg.de\/rechte-gewalt-jahrhundertproblem\/\" target=\"_blank\" rel=\"noreferrer noopener\">Rechte Gewalt in und aus Deutschland. Ein Jahrhundertproblem<\/a>, in: LuXemburg 12 (2020), H. 2, S. 56\u201361.<\/p>\n\n\n\n<p class=\"has-small-font-size\">Ambivalenzen des Antikommunismus. Von der Niederschlagung der Pariser Kommune zum Vernichtungskrieg gegen den \u201ej\u00fcdischen Bolschewismus\u201c, in: Die Landesbeauftragte f\u00fcr Mecklenburg-Vorpommern f\u00fcr die Stasi-Unterlagen (Hg.), \u201eEin Gespenst geht um in Europa &#8230;\u201c. Der Kommunismus im 20. Jahrhundert, Schwerin 2018, S. 101\u2013121.<\/p>\n\n\n\n<p class=\"has-small-font-size\">Antikommunismus vor 1917? Eine Skizze, in: Norbert Frei\/Dominik Rigoll (Hg.), Der Antikommunismus in seiner Epoche. Weltanschauung und Politik in Deutschland, Europa und den USA, G\u00f6ttingen 2017, S. 32\u201348.<\/p>\n\n\n\n<p class=\"has-small-font-size\"><em>Ein vollst\u00e4ndiges <a rel=\"noreferrer noopener\" href=\"https:\/\/zzf-potsdam.de\/de\/mitarbeiter\/dominik-rigoll#publikationen\" target=\"_blank\">Publikationsverzeichnis <\/a>findet sich auf der Mitarbeiterseite beim ZZF.<\/em><\/p>\n\n\n\n<div style=\"height:32px\" aria-hidden=\"true\" class=\"wp-block-spacer\"><\/div>\n\n\n\n<h4 class=\"wp-block-heading\" id=\"kontakt\">Kontakt<\/h4>\n\n\n\n<p>Dr. Dominik Rigoll<br>Leibniz-Zentrum f\u00fcr Zeithistorische Forschung<br>Am Neuen Markt 1<br>14467 Potsdam<\/p>\n\n\n\n<p>E-Mail:&nbsp;<a href=\"mailto:rigoll@zzf-potsdam.de\">rigoll@zzf-potsdam.de<\/a><\/p>\n","protected":false},"excerpt":{"rendered":"<p>Foto: Matthias Wehofsky Dr. Dominik Rigoll ist wissenschaftlicher Mitarbeiter am ZZF Potsdam. Im Rahmen der Forschungsgruppe bearbeitet er das Postdoc-Projekt \u00bbSch\u00fcbe nach rechts: Wie rechte Parteien das besetzte und geteilte Deutschland pr\u00e4gten\u00ab. Vita seit Mai 2025Wissenschaftlicher Mitarbeiter in Abteilung V:&hellip;  <\/p>\n<p class=\"more-link\"><a href=\"https:\/\/projekt.radikale-rechte.de\/index.php\/dominik-rigoll\/\">Continue reading <span class=\"meta-nav\">&rarr;<\/span><\/a><\/p>\n","protected":false},"author":2,"featured_media":0,"parent":0,"menu_order":0,"comment_status":"closed","ping_status":"closed","template":"","meta":{"footnotes":""},"class_list":["post-21","page","type-page","status-publish","hentry"],"_links":{"self":[{"href":"https:\/\/projekt.radikale-rechte.de\/index.php\/wp-json\/wp\/v2\/pages\/21","targetHints":{"allow":["GET"]}}],"collection":[{"href":"https:\/\/projekt.radikale-rechte.de\/index.php\/wp-json\/wp\/v2\/pages"}],"about":[{"href":"https:\/\/projekt.radikale-rechte.de\/index.php\/wp-json\/wp\/v2\/types\/page"}],"author":[{"embeddable":true,"href":"https:\/\/projekt.radikale-rechte.de\/index.php\/wp-json\/wp\/v2\/users\/2"}],"replies":[{"embeddable":true,"href":"https:\/\/projekt.radikale-rechte.de\/index.php\/wp-json\/wp\/v2\/comments?post=21"}],"version-history":[{"count":25,"href":"https:\/\/projekt.radikale-rechte.de\/index.php\/wp-json\/wp\/v2\/pages\/21\/revisions"}],"predecessor-version":[{"id":1624,"href":"https:\/\/projekt.radikale-rechte.de\/index.php\/wp-json\/wp\/v2\/pages\/21\/revisions\/1624"}],"wp:attachment":[{"href":"https:\/\/projekt.radikale-rechte.de\/index.php\/wp-json\/wp\/v2\/media?parent=21"}],"curies":[{"name":"wp","href":"https:\/\/api.w.org\/{rel}","templated":true}]}}

<div class="wp-block-columns is-layout-flex wp-container-core-columns-is-layout-9d6595d7 wp-block-columns-is-layout-flex">
<div class="wp-block-column is-layout-flow wp-block-column-is-layout-flow" style="flex-basis:100%"></div>
</div>



<div class="wp-block-columns is-layout-flex wp-container-core-columns-is-layout-9d6595d7 wp-block-columns-is-layout-flex">
<div class="wp-block-column is-layout-flow wp-block-column-is-layout-flow" style="flex-basis:33.33%">
<figure class="wp-block-image size-full"><img loading="lazy" decoding="async" width="1394" height="1859" src="https://projekt.radikale-rechte.de/wp-content/uploads/2024/01/Rigoll_20230909_DR2066_kl-1.jpg" alt="" class="wp-image-1210"/></figure>



<p style="font-size:10px">Foto: Matthias Wehofsky<br><br><br></p>
</div>



<div class="wp-block-column is-layout-flow wp-block-column-is-layout-flow" style="flex-basis:66.66%">
<p><strong>Dr. Dominik Rigoll ist wissenschaftlicher Mitarbeiter am ZZF Potsdam. Im Rahmen der Forschungsgruppe bearbeitet er das Postdoc-Projekt »Schübe nach rechts</strong>:<strong> Wie rechte Parteien das besetzte und geteilte Deutschland prägten«.</strong></p>
</div>
</div>



<h4 class="wp-block-heading" id="vita">Vita</h4>



<p>seit Mai 2025<br>Wissenschaftlicher Mitarbeiter in Abteilung V: Globalisierungen in einer geteilten Welt am Leibniz-Zentrum für Zeithistorische Forschung (ZZF) </p>



<p>2019–2021<br>Koordinator der Graduiertenförderung am ZZF Potsdam</p>



<p>April 2015-April 2025<br>Wissenschaftlicher Mitarbeiter am Leibniz-Zentrum für Zeithistorische Forschung Potsdam (ZZF)</p>



<p>Februar–März 2015<br>Wissenschaftlicher Mitarbeiter, Institut für Zeitgeschichte München-Berlin, Abteilung Berlin</p>



<p>WS 2014–2015<br>Visiting Fellow, History Departement, Princeton University, Princeton NJ</p>



<p>WS 2013–2014<br>Fernand Braudel Fellow, Institut d‘histoire du temps présent, Paris</p>



<p>2010–2014<br>Wissenschaftlicher Mitarbeiter, Lehrstuhl für Neuere und Neueste Geschichte, Friedrich-Schiller-Universität Jena</p>



<p>2009–2010<br>Co-Leitung der Forschungsgruppe „Nationalsozialismus und autoritäre Regime“, Centre Marc Bloch Berlin</p>



<p>2009<br>Wissenschaftlicher Projektkoordinator und Assistent der Direktion, Centre Marc Bloch Berlin</p>



<p>2003–2010<br>Dr. phil., Freie Universität Berlin</p>



<p>2000–2003<br>M.A., Freie Universität Berlin</p>



<p>1999–2000<br>Maîtrise d‘histoire, Université Bordeaux-III</p>



<div style="height:32px" aria-hidden="true" class="wp-block-spacer"></div>



<h4 class="wp-block-heading" id="publikationen">Publikationen</h4>



<p class="has-small-font-size"><em>Monografie</em></p>



<p class="has-small-font-size">Nationalismus neu erfinden. Rechte Parteien und rechte Politik von der Weimarer zur Bonner Republik, erscheint 2026.</p>



<p class="has-small-font-size">Staatsschutz in Westdeutschland. Von der Entnazifizierung zur Extremistenabwehr, Göttingen 2013 (2. Aufl. 2013).</p>



<p class="has-small-font-size"><em>Herausgeberschaften</em></p>



<p class="has-small-font-size">(Mit Yves Müller), Gegenwartspolitik. Kommunismus, Antifaschismus und „Vergangenheitsbewältigung“ in Deutschland nach 1945, Themenheft in: Zeitschrift für Geschichtswissenschaft 73, Nr. 7/8 (2025).</p>



<p class="has-small-font-size">(Mit Claudia Gatzka und Ulrich Mählert), Der Ort des Kommunismus in den westeuropäischen Demokratien seit 1945, Jahrbuch für historische Kommunismusforschung, Metropol, Berlin 2025. Rezensionen: H-Soz-Kult (Milan Mentz), FAZ (Eckhard Jesse). </p>



<p class="has-small-font-size">(Mit der Redaktion des Zeithistorischen Arbeitskreises Extreme Rechte), Zeitgeschichte der Rechten. Neue Arbeiten zu einem jungen Forschungsfeld, Schwerpunkt auf Zeitgeschichte-online, seit August 2020, <a href="https://zeitgeschichte-online.de/themen/zeitgeschichte-der-rechten" target="_blank" rel="noreferrer noopener">https://zeitgeschichte-online.de/themen/zeitgeschichte-der-rechten</a>.</p>



<p class="has-small-font-size">(Mit Marc Bergère, Jonas Campion, Emmanuel Droit und Marie-Bénédicte Vincent) Pour une histoire connectée et transnationale des épurations en Europe après 1945, Bruxelles 2019.</p>



<p class="has-small-font-size">(Mit Norbert Frei) Der Antikommunismus in seiner Epoche. Weltanschauung und Politik in Deutschland, Europa und den USA, Göttingen 2017.</p>



<p class="has-small-font-size"><em>Artikel und Kapitel zur politischen Rechten</em></p>



<p class="has-small-font-size">Von der WAV zur AfD. Nationalistische Parteien in Deutschland seit 1945, in: Fabian Virchow, Anke Hoffstadt, Cordelia Heß, Alexander Häusler (Hg.), Handbuch Rechtsextremismus, Springer VS, Wiesbaden, im Erscheinen.</p>



<p class="has-small-font-size">Niederlage und Neuanfang. Die nationalistische Rechte transformiert sich, 1945-1953, in: Martin Langebach (Hg.), Deutschlands radikale Rechte 1945 bis 2025, Bundeszentrale für politische Bildung, Bonn, im Erscheinen.</p>



<p class="has-small-font-size">Der Nationalismus und die Rechte, in: Claudia Gatzka/Sonja Levsen, Neue Wege zu einer Geschichte der Bundesrepublik, Suhrkamp, Frankfurt am Main 2025, S. 112-137.</p>



<p class="has-small-font-size">(Mit Yves Müller), Kurt Philip Tauber (1922–2024). Ein Nachruf, in: Historische Zeitschrift 319 (2024), H. 2, S. 336–344, DOI: <a href="https://doi.org/10.1515/hzhz-2024-0028" target="_blank" rel="noreferrer noopener">10.1515/hzhz-2024-0028</a>.</p>



<p class="has-small-font-size">Umarmung und Abwehr. Wie nach 1945 eine rechte Sammlungspartei verhindert wurde – und was wir daraus lernen sollten, in: <a href="https://www.blaetter.de/ausgabe/2024/januar/umarmung-und-abwehr" data-type="link" data-id="https://www.blaetter.de/ausgabe/2024/januar/umarmung-und-abwehr" target="_blank" rel="noreferrer noopener">Blätter für deutsche und internationale Politik, 1/2024</a>, S. 90–100 (paywall).</p>



<p class="has-small-font-size">(Mit Laura Haßler), Forschungen und Quellen zur deutschen Rechten. Teil 2: Handlungen und Wirkungen, in: <a href="https://www.fes.de/afs/baende#c248785" target="_blank" rel="noreferrer noopener">Archiv für Sozialgeschichte</a> 63 (2023), S. 491–545.</p>



<p class="has-small-font-size">Internationalismus von rechts. »Deutsch-französische Versöhnung« unter nationalistischen Vorzeichen am Beispiel von Friedrich Grimm (1888–1959), in: Anne Couderc/Corine Defrance/Ulrich Pfeil (Hg.), La réconciliation. Histoire d&#8217;un concept entre oubli et mémoire / Versöhnung. Geschichte eines Begriffs zwischen Vergessen und Erinnern (L&#8217;Allemagne dans les relations internationales / Deutschland in den internationalen Beziehungen; 18), Brüssel: Lang, 2022, S. 241–261.</p>



<p class="has-small-font-size">Public History von links nach rechts. Zur De:Nationalisierung des Zeithistorischen in Besatzungszeit und Bundesrepublik, in: Frank Bösch/Stefanie Eisenhuth/Hanno Hochmuth u.a. (Hg.), Public Historians. Zeithistorische Interventionen seit 1945, Göttingen 2021, S. 87–105.</p>



<p class="has-small-font-size">(Mit Laura Haßler), Forschungen und Quellen zur deutschen Rechten, Teil 1: Ansätze und Akteur*innen, in: <a href="https://www.fes.de/afs/baende#c248785" target="_blank" rel="noreferrer noopener">Archiv für Sozialgeschichte</a> 61 (2021), S. 569–611.</p>



<p class="has-small-font-size">(Mit Yves Müller) <a href="https://www.fes.de/index.php?eID=dumpFile&amp;t=f&amp;f=63303&amp;token=e80d6e3b4929fab2ed3e5d6be59faf5a43c2aabe" target="_blank" rel="noreferrer noopener">Zeitgeschichte des Nationalismus. Für eine Historisierung von Nationalsozialismus und Rechtsradikalismus als politische Nationalismen</a>, in: Archiv für Sozialgeschichte 60 (2020), S. 323–351.</p>



<p class="has-small-font-size"><a href="https://www.zeitschrift-luxemburg.de/rechte-gewalt-jahrhundertproblem/" target="_blank" rel="noreferrer noopener">Rechte Gewalt in und aus Deutschland. Ein Jahrhundertproblem</a>, in: LuXemburg 12 (2020), H. 2, S. 56–61.</p>



<p class="has-small-font-size">Ambivalenzen des Antikommunismus. Von der Niederschlagung der Pariser Kommune zum Vernichtungskrieg gegen den „jüdischen Bolschewismus“, in: Die Landesbeauftragte für Mecklenburg-Vorpommern für die Stasi-Unterlagen (Hg.), „Ein Gespenst geht um in Europa &#8230;“. Der Kommunismus im 20. Jahrhundert, Schwerin 2018, S. 101–121.</p>



<p class="has-small-font-size">Antikommunismus vor 1917? Eine Skizze, in: Norbert Frei/Dominik Rigoll (Hg.), Der Antikommunismus in seiner Epoche. Weltanschauung und Politik in Deutschland, Europa und den USA, Göttingen 2017, S. 32–48.</p>



<p class="has-small-font-size"><em>Ein vollständiges <a rel="noreferrer noopener" href="https://zzf-potsdam.de/de/mitarbeiter/dominik-rigoll#publikationen" target="_blank">Publikationsverzeichnis </a>findet sich auf der Mitarbeiterseite beim ZZF.</em></p>



<div style="height:32px" aria-hidden="true" class="wp-block-spacer"></div>



<h4 class="wp-block-heading" id="kontakt">Kontakt</h4>



<p>Dr. Dominik Rigoll<br>Leibniz-Zentrum für Zeithistorische Forschung<br>Am Neuen Markt 1<br>14467 Potsdam</p>



<p>E-Mail:&nbsp;<a href="mailto:rigoll@zzf-potsdam.de">rigoll@zzf-potsdam.de</a></p>

<p>Foto: Matthias Wehofsky Dr. Dominik Rigoll ist wissenschaftlicher Mitarbeiter am ZZF Potsdam. Im Rahmen der Forschungsgruppe bearbeitet er das Postdoc-Projekt »Schübe nach rechts: Wie rechte Parteien das besetzte und geteilte Deutschland prägten«. Vita seit Mai 2025Wissenschaftlicher Mitarbeiter in Abteilung V:&hellip;  </p>
<p class="more-link"><a href="https://projekt.radikale-rechte.de/index.php/dominik-rigoll/">Continue reading <span class="meta-nav">&rarr;</span></a></p>
