{"id":215,"date":"2021-11-18T21:12:13","date_gmt":"2021-11-18T20:12:13","guid":{"rendered":"https:\/\/projekt.radikale-rechte.de\/?page_id=215"},"modified":"2021-12-08T10:17:48","modified_gmt":"2021-12-08T09:17:48","slug":"datenschutz","status":"publish","type":"page","link":"https:\/\/projekt.radikale-rechte.de\/index.php\/datenschutz\/","title":{"rendered":"Datenschutz"},"content":{"rendered":"\n<p><strong>Datenschutzhinweis<\/strong>: Die Webseiten des Forschungsprojekts &#8222;Die radikale Rechte in Deutschland, 1945\u20132000&#8220; sind ein Online-Angebot, das auf Servern des <a rel=\"noreferrer noopener\" href=\"https:\/\/zzf-potsdam.de\/\" target=\"_blank\">Leibniz-Zentrums f\u00fcr Zeithistorische Forschung Potsdam (ZZF)<\/a> betrieben wird. F\u00fcr die Verarbeitung aller personenbezogenen Daten, die im Zuge des Betriebs dieses Angebots anfallen, gilt die allgemeine <a href=\"https:\/\/zzf-potsdam.de\/Datenschutz\">Datenschutzerkl\u00e4rung<\/a> des ZZF.<\/p>\n\n\n\n<h2 class=\"wp-block-heading\">Matomo<\/h2>\n\n\n\n<p>Diese Website verwendet Matomo (ehemals Piwik), eine Open-Source-Software zur statistischen Auswertung der Besucherzugriffe. Matomo verwendet Cookies, die auf Ihrem Computer gespeichert werden und die eine anonymisierte Analyse Ihrer Nutzung des Webauftritts erm\u00f6glichen. Ein R\u00fcckschluss auf eine bestimmte Person ist dabei nicht m\u00f6glich, da Ihre IP-Adresse sofort nach der Verarbeitung und vor der Speicherung anonymisiert wird.<\/p>\n\n\n\n<p>Die von Matomo verwendeten Cookies werden auf dem Rechner des Nutzers gespeichert und von diesem an unsere Seite \u00fcbermittelt. Daher haben Sie als Nutzer auch die volle Kontrolle \u00fcber die Verwendung von Cookies. Bereits gespeicherte Cookies k\u00f6nnen jederzeit gel\u00f6scht werden. Dies kann auch automatisiert erfolgen.<\/p>\n\n\n\n<p><\/p>\n\n\n\n<p>Sie k\u00f6nnen jederzeit der Speicherung und Auswertung dieser Daten durch Matomo widersprechen (s.u.). In diesem Fall wird in Ihrem Browser dauerhaft ein sog. Opt-Out-Cookie abgelegt, der Matomo veranlasst, keinerlei Daten f\u00fcr die Speicherung und Auswertung zu erheben. Sollten Sie dieses Cookie jedoch absichtlich oder unabsichtlich l\u00f6schen, wird auch der Widerspruch gegen die Datenspeicherung und-auswertung aufgehoben und kann \u00fcber den oben genannten Link erneuert werden. <div style=\"border: 1px solid black;\"><iframe style=\"border: 0; height: 200px; width: 588px;\" src=\"https:\/\/analytics.zeitgeschichte-digital.de\/index.php?module=CoreAdminHome&amp;action=optOut&amp;language=de&amp;backgroundColor=ffffff&amp;fontColor=000000&amp;fontSize=15px&amp;fontFamily=Arial\"><\/iframe><\/div>\n\n\n\n<p><\/p>\n\n\n\n<p><\/p>\n","protected":false},"excerpt":{"rendered":"<p>Datenschutzhinweis: Die Webseiten des Forschungsprojekts &#8222;Die radikale Rechte in Deutschland, 1945\u20132000&#8220; sind ein Online-Angebot, das auf Servern des Leibniz-Zentrums f\u00fcr Zeithistorische Forschung Potsdam (ZZF) betrieben wird. F\u00fcr die Verarbeitung aller personenbezogenen Daten, die im Zuge des Betriebs dieses Angebots anfallen,&hellip;  <\/p>\n<p class=\"more-link\"><a href=\"https:\/\/projekt.radikale-rechte.de\/index.php\/datenschutz\/\">Continue reading <span class=\"meta-nav\">&rarr;<\/span><\/a><\/p>\n","protected":false},"author":2,"featured_media":0,"parent":0,"menu_order":0,"comment_status":"closed","ping_status":"closed","template":"","meta":{"footnotes":""},"class_list":["post-215","page","type-page","status-publish","hentry"],"_links":{"self":[{"href":"https:\/\/projekt.radikale-rechte.de\/index.php\/wp-json\/wp\/v2\/pages\/215","targetHints":{"allow":["GET"]}}],"collection":[{"href":"https:\/\/projekt.radikale-rechte.de\/index.php\/wp-json\/wp\/v2\/pages"}],"about":[{"href":"https:\/\/projekt.radikale-rechte.de\/index.php\/wp-json\/wp\/v2\/types\/page"}],"author":[{"embeddable":true,"href":"https:\/\/projekt.radikale-rechte.de\/index.php\/wp-json\/wp\/v2\/users\/2"}],"replies":[{"embeddable":true,"href":"https:\/\/projekt.radikale-rechte.de\/index.php\/wp-json\/wp\/v2\/comments?post=215"}],"version-history":[{"count":10,"href":"https:\/\/projekt.radikale-rechte.de\/index.php\/wp-json\/wp\/v2\/pages\/215\/revisions"}],"predecessor-version":[{"id":492,"href":"https:\/\/projekt.radikale-rechte.de\/index.php\/wp-json\/wp\/v2\/pages\/215\/revisions\/492"}],"wp:attachment":[{"href":"https:\/\/projekt.radikale-rechte.de\/index.php\/wp-json\/wp\/v2\/media?parent=215"}],"curies":[{"name":"wp","href":"https:\/\/api.w.org\/{rel}","templated":true}]}}

<p><strong>Datenschutzhinweis</strong>: Die Webseiten des Forschungsprojekts &#8222;Die radikale Rechte in Deutschland, 1945–2000&#8220; sind ein Online-Angebot, das auf Servern des <a rel="noreferrer noopener" href="https://zzf-potsdam.de/" target="_blank">Leibniz-Zentrums für Zeithistorische Forschung Potsdam (ZZF)</a> betrieben wird. Für die Verarbeitung aller personenbezogenen Daten, die im Zuge des Betriebs dieses Angebots anfallen, gilt die allgemeine <a href="https://zzf-potsdam.de/Datenschutz">Datenschutzerklärung</a> des ZZF.</p>



<h2 class="wp-block-heading">Matomo</h2>



<p>Diese Website verwendet Matomo (ehemals Piwik), eine Open-Source-Software zur statistischen Auswertung der Besucherzugriffe. Matomo verwendet Cookies, die auf Ihrem Computer gespeichert werden und die eine anonymisierte Analyse Ihrer Nutzung des Webauftritts ermöglichen. Ein Rückschluss auf eine bestimmte Person ist dabei nicht möglich, da Ihre IP-Adresse sofort nach der Verarbeitung und vor der Speicherung anonymisiert wird.</p>



<p>Die von Matomo verwendeten Cookies werden auf dem Rechner des Nutzers gespeichert und von diesem an unsere Seite übermittelt. Daher haben Sie als Nutzer auch die volle Kontrolle über die Verwendung von Cookies. Bereits gespeicherte Cookies können jederzeit gelöscht werden. Dies kann auch automatisiert erfolgen.</p>



<p></p>



<p>Sie können jederzeit der Speicherung und Auswertung dieser Daten durch Matomo widersprechen (s.u.). In diesem Fall wird in Ihrem Browser dauerhaft ein sog. Opt-Out-Cookie abgelegt, der Matomo veranlasst, keinerlei Daten für die Speicherung und Auswertung zu erheben. Sollten Sie dieses Cookie jedoch absichtlich oder unabsichtlich löschen, wird auch der Widerspruch gegen die Datenspeicherung und-auswertung aufgehoben und kann über den oben genannten Link erneuert werden. <div style="border: 1px solid black;"><iframe style="border: 0; height: 200px; width: 588px;" src="https://analytics.zeitgeschichte-digital.de/index.php?module=CoreAdminHome&amp;action=optOut&amp;language=de&amp;backgroundColor=ffffff&amp;fontColor=000000&amp;fontSize=15px&amp;fontFamily=Arial"></iframe></div>



<p></p>



<p></p>

<p>Datenschutzhinweis: Die Webseiten des Forschungsprojekts &#8222;Die radikale Rechte in Deutschland, 1945–2000&#8220; sind ein Online-Angebot, das auf Servern des Leibniz-Zentrums für Zeithistorische Forschung Potsdam (ZZF) betrieben wird. Für die Verarbeitung aller personenbezogenen Daten, die im Zuge des Betriebs dieses Angebots anfallen,&hellip;  </p>
<p class="more-link"><a href="https://projekt.radikale-rechte.de/index.php/datenschutz/">Continue reading <span class="meta-nav">&rarr;</span></a></p>
