{"id":25,"date":"2021-11-16T12:51:17","date_gmt":"2021-11-16T11:51:17","guid":{"rendered":"https:\/\/projekt.radikale-rechte.de\/?page_id=25"},"modified":"2023-04-13T14:52:23","modified_gmt":"2023-04-13T12:52:23","slug":"ideologie-mueller-zetzsche","status":"publish","type":"page","link":"https:\/\/projekt.radikale-rechte.de\/index.php\/ideologie-mueller-zetzsche\/","title":{"rendered":"Ideologie"},"content":{"rendered":"\n<h3 class=\"wp-block-heading\">Medien-Intellektuelle von rechts? Die Entwicklung rechtsradikaler Ideologie nach 1945 in Deutschland und Frankreich<\/h3>\n\n\n\n<p><strong>Postdoc-Projekt von <a href=\"https:\/\/projekt.radikale-rechte.de\/index.php\/marie-mueller-zetzsche\/\" data-type=\"page\" data-id=\"23\">Dr. Marie M\u00fcller-Zetzsche<\/a><\/strong><br>Teilprojekt des von der VolkswagenStiftung finanzierten Projekts<\/p>\n\n\n\n<p>In meinem Forschungsprojekt untersuche ich, wie sich rechtsradikale Ideologien seit 1945 in der Bundesrepublik und in Frankreich ver\u00e4ndert haben. Welche Diskurse blieben \u00fcber Jahrzehnte stabil und wo und wann kamen neue Elemente dazu? Als wesentliche Diskursstr\u00e4nge werden erstens eine deutsch-franz\u00f6sische rechtsradikale Geschichtspolitik, zweitens \u00bbEurafrika\u00ab und die Dekolonisierung Afrikas sowie drittens Bev\u00f6lkerungspolitik und \u00bbVolkstod\u00ab analysiert. Diese Diskursstr\u00e4nge verfolge ich sowohl im Vergleich als auch im Hinblick auf den Transfer von Ideen \u00fcber drei Jahrzehnte. Als Quellen stehen die Monatsschriften <em>Nation Europa<\/em> aus Coburg (1951\u20131990, sp\u00e4ter <em>Nation &amp; Europa<\/em>) und <em>D\u00e9fense de l&#8217;occident<\/em> (195\u20131982) aus Paris im Zentrum, die sich nach einem gemeinsamen Ursprung in einer \u2013 schnell gescheiterten \u2013 neofaschistischen Internationale als stabilste Foren des textlastigen Rechtsradikalismus ihres jeweiligen Landes herausbildeten. Ihre Herausgeber und Autor*innen pr\u00e4gten den rechtsradikalen Diskurs sowohl in ihrer Themensetzung als auch durch die Konstruktion von (internationalen) Autorit\u00e4ten und die Moderation von unterschiedlichen Meinungen. Sind sie in diesem Sinne rechtsradikale (Medien-)Intellektuelle, wie es f\u00fcr den Herausgeber der <em>D\u00e9fense de l&#8217;occident<\/em> Maurice Bard\u00e8che in Frankreich angenommen wird?<\/p>\n","protected":false},"excerpt":{"rendered":"<p>Medien-Intellektuelle von rechts? Die Entwicklung rechtsradikaler Ideologie nach 1945 in Deutschland und Frankreich Postdoc-Projekt von Dr. Marie M\u00fcller-ZetzscheTeilprojekt des von der VolkswagenStiftung finanzierten Projekts In meinem Forschungsprojekt untersuche ich, wie sich rechtsradikale Ideologien seit 1945 in der Bundesrepublik und in&hellip;  <\/p>\n<p class=\"more-link\"><a href=\"https:\/\/projekt.radikale-rechte.de\/index.php\/ideologie-mueller-zetzsche\/\">Continue reading <span class=\"meta-nav\">&rarr;<\/span><\/a><\/p>\n","protected":false},"author":2,"featured_media":0,"parent":0,"menu_order":0,"comment_status":"closed","ping_status":"closed","template":"","meta":{"footnotes":""},"class_list":["post-25","page","type-page","status-publish","hentry"],"_links":{"self":[{"href":"https:\/\/projekt.radikale-rechte.de\/index.php\/wp-json\/wp\/v2\/pages\/25","targetHints":{"allow":["GET"]}}],"collection":[{"href":"https:\/\/projekt.radikale-rechte.de\/index.php\/wp-json\/wp\/v2\/pages"}],"about":[{"href":"https:\/\/projekt.radikale-rechte.de\/index.php\/wp-json\/wp\/v2\/types\/page"}],"author":[{"embeddable":true,"href":"https:\/\/projekt.radikale-rechte.de\/index.php\/wp-json\/wp\/v2\/users\/2"}],"replies":[{"embeddable":true,"href":"https:\/\/projekt.radikale-rechte.de\/index.php\/wp-json\/wp\/v2\/comments?post=25"}],"version-history":[{"count":9,"href":"https:\/\/projekt.radikale-rechte.de\/index.php\/wp-json\/wp\/v2\/pages\/25\/revisions"}],"predecessor-version":[{"id":899,"href":"https:\/\/projekt.radikale-rechte.de\/index.php\/wp-json\/wp\/v2\/pages\/25\/revisions\/899"}],"wp:attachment":[{"href":"https:\/\/projekt.radikale-rechte.de\/index.php\/wp-json\/wp\/v2\/media?parent=25"}],"curies":[{"name":"wp","href":"https:\/\/api.w.org\/{rel}","templated":true}]}}

<h3 class="wp-block-heading">Medien-Intellektuelle von rechts? Die Entwicklung rechtsradikaler Ideologie nach 1945 in Deutschland und Frankreich</h3>



<p><strong>Postdoc-Projekt von <a href="https://projekt.radikale-rechte.de/index.php/marie-mueller-zetzsche/" data-type="page" data-id="23">Dr. Marie Müller-Zetzsche</a></strong><br>Teilprojekt des von der VolkswagenStiftung finanzierten Projekts</p>



<p>In meinem Forschungsprojekt untersuche ich, wie sich rechtsradikale Ideologien seit 1945 in der Bundesrepublik und in Frankreich verändert haben. Welche Diskurse blieben über Jahrzehnte stabil und wo und wann kamen neue Elemente dazu? Als wesentliche Diskursstränge werden erstens eine deutsch-französische rechtsradikale Geschichtspolitik, zweitens »Eurafrika« und die Dekolonisierung Afrikas sowie drittens Bevölkerungspolitik und »Volkstod« analysiert. Diese Diskursstränge verfolge ich sowohl im Vergleich als auch im Hinblick auf den Transfer von Ideen über drei Jahrzehnte. Als Quellen stehen die Monatsschriften <em>Nation Europa</em> aus Coburg (1951–1990, später <em>Nation &amp; Europa</em>) und <em>Défense de l&#8217;occident</em> (195–1982) aus Paris im Zentrum, die sich nach einem gemeinsamen Ursprung in einer – schnell gescheiterten – neofaschistischen Internationale als stabilste Foren des textlastigen Rechtsradikalismus ihres jeweiligen Landes herausbildeten. Ihre Herausgeber und Autor*innen prägten den rechtsradikalen Diskurs sowohl in ihrer Themensetzung als auch durch die Konstruktion von (internationalen) Autoritäten und die Moderation von unterschiedlichen Meinungen. Sind sie in diesem Sinne rechtsradikale (Medien-)Intellektuelle, wie es für den Herausgeber der <em>Défense de l&#8217;occident</em> Maurice Bardèche in Frankreich angenommen wird?</p>

<p>Medien-Intellektuelle von rechts? Die Entwicklung rechtsradikaler Ideologie nach 1945 in Deutschland und Frankreich Postdoc-Projekt von Dr. Marie Müller-ZetzscheTeilprojekt des von der VolkswagenStiftung finanzierten Projekts In meinem Forschungsprojekt untersuche ich, wie sich rechtsradikale Ideologien seit 1945 in der Bundesrepublik und in&hellip;  </p>
<p class="more-link"><a href="https://projekt.radikale-rechte.de/index.php/ideologie-mueller-zetzsche/">Continue reading <span class="meta-nav">&rarr;</span></a></p>
