{"id":554,"date":"2022-01-28T18:25:15","date_gmt":"2022-01-28T17:25:15","guid":{"rendered":"https:\/\/projekt.radikale-rechte.de\/?page_id=554"},"modified":"2023-04-13T14:57:46","modified_gmt":"2023-04-13T12:57:46","slug":"bewegung","status":"publish","type":"page","link":"https:\/\/projekt.radikale-rechte.de\/index.php\/bewegung\/","title":{"rendered":"Bewegung"},"content":{"rendered":"\n<h3 class=\"wp-block-heading\" id=\"vom-rowdytum-zur-bundesweiten-organisierung-die-neonazistische-rechte-in-beiden-deutschen-staaten-1983-1991\"><strong>Vom \u00bbRowdytum\u00ab zur bundesweiten Organisierung. Die neonazistische Rechte in beiden deutschen Staaten (1983\u20131991)<\/strong><\/h3>\n\n\n\n<p><strong>Assoziiertes Dissertationsprojekt von <a href=\"https:\/\/projekt.radikale-rechte.de\/index.php\/eric-angermann\/\" data-type=\"page\" data-id=\"548\">Eric Angermann<\/a><\/strong><br>(gef\u00f6rdert von der Hans-B\u00f6ckler-Stiftung)<\/p>\n\n\n\n<p>Im Zentrum meines Promotionsprojekts steht die Genese des vereinigten Neonazismus der 1990er-Jahre. In mehreren regionalen Fallstudien untersuche ich hierf\u00fcr ab 1983 mittels mikrohistorischer und raumsoziologischer Zug\u00e4nge das Agieren neonazistischer \u2013 oder derart im Entstehen begriffener \u2013 Akteure in der DDR und in der BRD. Hierbei stehen vor allem das Handeln auf der Stra\u00dfe und generell im \u00f6ffentlichen Raum als dem zentralen politischen Kampffeld der explizit neonazistischen Rechten im Fokus.<\/p>\n\n\n\n<p>Es soll praxeologisch untersucht werden, wie sich in Ost und West und zugleich in divergierenden Regionen die Handlungsspielr\u00e4ume rechter Skinhead-Cliquen oder Ortsgruppen der bekanntesten neonazistischen Formierungen gestalteten und welche Gemeinsamkeiten und Unterschiede in der politischen Praxis, bez\u00fcglich der sozialen Hintergr\u00fcnde ihrer Mitglieder, in der Deutung gesellschaftlicher Krisen, in der politischen (Organisierungs-)Kultur und hinsichtlich gelebter Geschlechtsidentit\u00e4ten feststellbar sind. Zugleich sollen die deutsch-deutschen Wege der Vernetzung oder gar der punktuellen Zusammenarbeit herausgearbeitet werden. Auch die Begrenzungen der neonazistischen Praxis wird thematisiert, da in den Fallstudien der Einfluss staatlicher Reaktionen sowie der Gegenwehr einer anti-neonazistischen Zivilgesellschaft und von (potenziellen) Opfergruppen auf das Ausma\u00df ihres per se gewaltt\u00e4tigen Handelns Ber\u00fccksichtigung findet.<\/p>\n\n\n\n<p>Letzten Endes soll aufgezeigt werden, wie aus den zun\u00e4chst getrennt und den schlie\u00dflich im Verlauf der Wende-Jahre gemeinsam gemachten Bewegungserfahrungen die zentralen politischen Strategien des Neonazismus der Berliner Republik resultierten.<\/p>\n","protected":false},"excerpt":{"rendered":"<p>Vom \u00bbRowdytum\u00ab zur bundesweiten Organisierung. Die neonazistische Rechte in beiden deutschen Staaten (1983\u20131991) Assoziiertes Dissertationsprojekt von Eric Angermann(gef\u00f6rdert von der Hans-B\u00f6ckler-Stiftung) Im Zentrum meines Promotionsprojekts steht die Genese des vereinigten Neonazismus der 1990er-Jahre. In mehreren regionalen Fallstudien untersuche ich hierf\u00fcr&hellip;  <\/p>\n<p class=\"more-link\"><a href=\"https:\/\/projekt.radikale-rechte.de\/index.php\/bewegung\/\">Continue reading <span class=\"meta-nav\">&rarr;<\/span><\/a><\/p>\n","protected":false},"author":2,"featured_media":0,"parent":0,"menu_order":0,"comment_status":"closed","ping_status":"closed","template":"","meta":{"footnotes":""},"class_list":["post-554","page","type-page","status-publish","hentry"],"_links":{"self":[{"href":"https:\/\/projekt.radikale-rechte.de\/index.php\/wp-json\/wp\/v2\/pages\/554","targetHints":{"allow":["GET"]}}],"collection":[{"href":"https:\/\/projekt.radikale-rechte.de\/index.php\/wp-json\/wp\/v2\/pages"}],"about":[{"href":"https:\/\/projekt.radikale-rechte.de\/index.php\/wp-json\/wp\/v2\/types\/page"}],"author":[{"embeddable":true,"href":"https:\/\/projekt.radikale-rechte.de\/index.php\/wp-json\/wp\/v2\/users\/2"}],"replies":[{"embeddable":true,"href":"https:\/\/projekt.radikale-rechte.de\/index.php\/wp-json\/wp\/v2\/comments?post=554"}],"version-history":[{"count":3,"href":"https:\/\/projekt.radikale-rechte.de\/index.php\/wp-json\/wp\/v2\/pages\/554\/revisions"}],"predecessor-version":[{"id":903,"href":"https:\/\/projekt.radikale-rechte.de\/index.php\/wp-json\/wp\/v2\/pages\/554\/revisions\/903"}],"wp:attachment":[{"href":"https:\/\/projekt.radikale-rechte.de\/index.php\/wp-json\/wp\/v2\/media?parent=554"}],"curies":[{"name":"wp","href":"https:\/\/api.w.org\/{rel}","templated":true}]}}

<h3 class="wp-block-heading" id="vom-rowdytum-zur-bundesweiten-organisierung-die-neonazistische-rechte-in-beiden-deutschen-staaten-1983-1991"><strong>Vom »Rowdytum« zur bundesweiten Organisierung. Die neonazistische Rechte in beiden deutschen Staaten (1983–1991)</strong></h3>



<p><strong>Assoziiertes Dissertationsprojekt von <a href="https://projekt.radikale-rechte.de/index.php/eric-angermann/" data-type="page" data-id="548">Eric Angermann</a></strong><br>(gefördert von der Hans-Böckler-Stiftung)</p>



<p>Im Zentrum meines Promotionsprojekts steht die Genese des vereinigten Neonazismus der 1990er-Jahre. In mehreren regionalen Fallstudien untersuche ich hierfür ab 1983 mittels mikrohistorischer und raumsoziologischer Zugänge das Agieren neonazistischer – oder derart im Entstehen begriffener – Akteure in der DDR und in der BRD. Hierbei stehen vor allem das Handeln auf der Straße und generell im öffentlichen Raum als dem zentralen politischen Kampffeld der explizit neonazistischen Rechten im Fokus.</p>



<p>Es soll praxeologisch untersucht werden, wie sich in Ost und West und zugleich in divergierenden Regionen die Handlungsspielräume rechter Skinhead-Cliquen oder Ortsgruppen der bekanntesten neonazistischen Formierungen gestalteten und welche Gemeinsamkeiten und Unterschiede in der politischen Praxis, bezüglich der sozialen Hintergründe ihrer Mitglieder, in der Deutung gesellschaftlicher Krisen, in der politischen (Organisierungs-)Kultur und hinsichtlich gelebter Geschlechtsidentitäten feststellbar sind. Zugleich sollen die deutsch-deutschen Wege der Vernetzung oder gar der punktuellen Zusammenarbeit herausgearbeitet werden. Auch die Begrenzungen der neonazistischen Praxis wird thematisiert, da in den Fallstudien der Einfluss staatlicher Reaktionen sowie der Gegenwehr einer anti-neonazistischen Zivilgesellschaft und von (potenziellen) Opfergruppen auf das Ausmaß ihres per se gewalttätigen Handelns Berücksichtigung findet.</p>



<p>Letzten Endes soll aufgezeigt werden, wie aus den zunächst getrennt und den schließlich im Verlauf der Wende-Jahre gemeinsam gemachten Bewegungserfahrungen die zentralen politischen Strategien des Neonazismus der Berliner Republik resultierten.</p>

<p>Vom »Rowdytum« zur bundesweiten Organisierung. Die neonazistische Rechte in beiden deutschen Staaten (1983–1991) Assoziiertes Dissertationsprojekt von Eric Angermann(gefördert von der Hans-Böckler-Stiftung) Im Zentrum meines Promotionsprojekts steht die Genese des vereinigten Neonazismus der 1990er-Jahre. In mehreren regionalen Fallstudien untersuche ich hierfür&hellip;  </p>
<p class="more-link"><a href="https://projekt.radikale-rechte.de/index.php/bewegung/">Continue reading <span class="meta-nav">&rarr;</span></a></p>
